CRAN Package Check Results for Package MetaLandSim

Last updated on 2019-06-25 05:48:53 CEST.

Flavor Version Tinstall Tcheck Ttotal Status Flags
r-devel-linux-x86_64-debian-clang 1.0.5 29.43 263.62 293.05 NOTE
r-devel-linux-x86_64-debian-gcc 1.0.5 23.61 203.97 227.58 NOTE
r-devel-linux-x86_64-fedora-clang 1.0.5 361.02 NOTE
r-devel-linux-x86_64-fedora-gcc 1.0.5 337.25 NOTE
r-devel-windows-ix86+x86_64 1.0.5 58.00 428.00 486.00 OK
r-patched-linux-x86_64 1.0.5 26.87 266.17 293.04 OK
r-patched-solaris-x86 1.0.5 569.10 NOTE
r-release-linux-x86_64 1.0.5 29.73 262.77 292.50 OK
r-release-windows-ix86+x86_64 1.0.5 45.00 297.00 342.00 OK
r-release-osx-x86_64 1.0.5 FAIL
r-oldrel-windows-ix86+x86_64 1.0.5 25.00 226.00 251.00 OK
r-oldrel-osx-x86_64 1.0.5 NOTE

Check Details

Version: 1.0.5
Check: for non-standard things in the check directory
Result: NOTE
    Found the following files/directories:
     'sim_inm1.txt' 'sim_inm1_Index.txt'
Flavors: r-devel-linux-x86_64-debian-clang, r-devel-linux-x86_64-debian-gcc, r-devel-linux-x86_64-fedora-clang, r-devel-linux-x86_64-fedora-gcc

Version: 1.0.5
Check: dependencies in R code
Result: NOTE
    Namespace in Imports field not imported from: ‘knitr’
     All declared Imports should be used.
Flavors: r-devel-linux-x86_64-fedora-clang, r-devel-linux-x86_64-fedora-gcc, r-patched-solaris-x86, r-oldrel-osx-x86_64

Version: 1.0.5
Check: whether package can be installed
Result: FAIL
    
Flavor: r-release-osx-x86_64