CRAN Package Check Results for Package MetaLonDA

Last updated on 2019-08-19 05:46:28 CEST.

Flavor Version Tinstall Tcheck Ttotal Status Flags
r-devel-linux-x86_64-debian-clang 1.1.5 5.23 166.80 172.03 NOTE
r-devel-linux-x86_64-debian-gcc 1.1.5 4.25 126.40 130.65 NOTE
r-devel-linux-x86_64-fedora-clang 1.1.5 211.68 NOTE
r-devel-linux-x86_64-fedora-gcc 1.1.5 155.86 NOTE
r-devel-windows-ix86+x86_64 1.1.5 21.00 314.00 335.00 OK
r-patched-linux-x86_64 1.1.5 5.07 162.27 167.34 OK
r-patched-solaris-x86 1.1.5 4.20 ERROR
r-release-linux-x86_64 1.1.5 4.41 164.55 168.96 OK
r-release-windows-ix86+x86_64 1.1.5 12.00 245.00 257.00 OK
r-release-osx-x86_64 1.1.5 ERROR
r-oldrel-windows-ix86+x86_64 1.1.5 11.00 309.00 320.00 OK
r-oldrel-osx-x86_64 1.1.5 OK

Check Details

Version: 1.1.5
Check: for non-standard things in the check directory
Result: NOTE
    Found the following files/directories:
     'Test'
Flavors: r-devel-linux-x86_64-debian-clang, r-devel-linux-x86_64-debian-gcc, r-devel-linux-x86_64-fedora-clang, r-devel-linux-x86_64-fedora-gcc

Version: 1.1.5
Check: package dependencies
Result: ERROR
    Package required but not available: ‘metagenomeSeq’
    
    See section ‘The DESCRIPTION file’ in the ‘Writing R Extensions’
    manual.
Flavor: r-patched-solaris-x86

Version: 1.1.5
Check: package dependencies
Result: ERROR
    Packages required but not available: 'metagenomeSeq', 'DESeq2', 'edgeR'
    
    See section ‘The DESCRIPTION file’ in the ‘Writing R Extensions’
    manual.
Flavor: r-release-osx-x86_64