CRAN Package Check Results for Package MetaheuristicFPA

Last updated on 2021-10-26 05:59:55 CEST.

Flavor Version Tinstall Tcheck Ttotal Status Flags
r-devel-linux-x86_64-debian-clang 1.0 26.37 23.95 50.32 OK
r-devel-linux-x86_64-debian-gcc 1.0 22.23 19.16 41.39 OK
r-devel-linux-x86_64-fedora-clang 1.0 95.83 NOTE
r-devel-linux-x86_64-fedora-gcc 1.0 72.78 NOTE
r-devel-windows-x86_64 1.0 41.00 46.00 87.00 OK
r-devel-windows-x86_64-gcc10-UCRT 1.0 OK
r-patched-linux-x86_64 1.0 25.40 24.05 49.45 OK
r-patched-solaris-x86 1.0 83.70 OK
r-release-linux-x86_64 1.0 25.52 23.80 49.32 OK
r-release-macos-arm64 1.0 OK
r-release-macos-x86_64 1.0 OK
r-release-windows-ix86+x86_64 1.0 54.00 66.00 120.00 OK
r-oldrel-macos-x86_64 1.0 OK
r-oldrel-windows-ix86+x86_64 1.0 79.00 74.00 153.00 OK

Check Details

Version: 1.0
Check: compiled code
Result: NOTE
    File ‘MetaheuristicFPA/libs/MetaheuristicFPA.so’:
     Found no calls to: ‘R_registerRoutines’, ‘R_useDynamicSymbols’
    
    It is good practice to register native routines and to disable symbol
    search.
    
    See ‘Writing portable packages’ in the ‘Writing R Extensions’ manual.
Flavors: r-devel-linux-x86_64-fedora-clang, r-devel-linux-x86_64-fedora-gcc