CRAN Package Check Results for Package Methplot

Last updated on 2020-04-08 05:47:24 CEST.

Flavor Version Tinstall Tcheck Ttotal Status Flags
r-devel-linux-x86_64-debian-clang 1.0 4.80 40.80 45.60 NOTE
r-devel-linux-x86_64-debian-gcc 1.0 3.94 31.30 35.24 NOTE
r-devel-linux-x86_64-fedora-clang 1.0 53.98 NOTE
r-devel-linux-x86_64-fedora-gcc 1.0 56.55 NOTE
r-devel-windows-ix86+x86_64 1.0 12.00 67.00 79.00 NOTE
r-devel-windows-ix86+x86_64-gcc8 1.0 11.00 60.00 71.00 NOTE
r-patched-linux-x86_64 1.0 4.22 39.47 43.69 NOTE
r-patched-solaris-x86 1.0 87.20 NOTE
r-release-linux-x86_64 1.0 3.08 37.19 40.27 NOTE
r-release-windows-ix86+x86_64 1.0 12.00 83.00 95.00 NOTE
r-release-osx-x86_64 1.0 NOTE
r-oldrel-windows-ix86+x86_64 1.0 6.00 57.00 63.00 NOTE
r-oldrel-osx-x86_64 1.0 NOTE

Check Details

Version: 1.0
Check: DESCRIPTION meta-information
Result: NOTE
    Malformed Description field: should contain one or more complete sentences.
Flavors: r-devel-linux-x86_64-debian-clang, r-devel-linux-x86_64-debian-gcc, r-devel-linux-x86_64-fedora-clang, r-devel-linux-x86_64-fedora-gcc, r-devel-windows-ix86+x86_64, r-devel-windows-ix86+x86_64-gcc8, r-patched-linux-x86_64, r-patched-solaris-x86, r-release-linux-x86_64, r-release-windows-ix86+x86_64, r-release-osx-x86_64, r-oldrel-windows-ix86+x86_64, r-oldrel-osx-x86_64

Version: 1.0
Check: R code for possible problems
Result: NOTE
    getdata: no visible global function definition for 'read.csv'
    plotdata: no visible global function definition for 'head'
    Undefined global functions or variables:
     head read.csv
    Consider adding
     importFrom("utils", "head", "read.csv")
    to your NAMESPACE file.
Flavors: r-devel-linux-x86_64-debian-clang, r-devel-linux-x86_64-debian-gcc, r-devel-linux-x86_64-fedora-clang, r-devel-linux-x86_64-fedora-gcc, r-devel-windows-ix86+x86_64, r-devel-windows-ix86+x86_64-gcc8, r-patched-linux-x86_64, r-patched-solaris-x86, r-release-linux-x86_64, r-release-windows-ix86+x86_64, r-release-osx-x86_64, r-oldrel-windows-ix86+x86_64, r-oldrel-osx-x86_64