CRAN Package Check Results for Package ModStatR

Last updated on 2023-02-02 06:03:34 CET.

Flavor Version Tinstall Tcheck Ttotal Status Flags
r-devel-linux-x86_64-debian-clang 1.3.2 7.55 38.00 45.55 OK
r-devel-linux-x86_64-debian-gcc 1.3.2 6.41 30.05 36.46 OK
r-devel-linux-x86_64-fedora-clang 1.3.2 57.76 NOTE
r-devel-linux-x86_64-fedora-gcc 1.3.2 57.65 NOTE
r-patched-linux-x86_64 1.3.2 7.04 37.21 44.25 OK
r-release-linux-x86_64 1.3.2 7.18 37.82 45.00 OK
r-release-macos-arm64 1.3.2 26.00 NOTE
r-release-macos-x86_64 1.3.2 33.00 NOTE
r-release-windows-x86_64 1.3.2 24.00 74.00 98.00 OK
r-oldrel-macos-arm64 1.3.2 27.00 NOTE
r-oldrel-macos-x86_64 1.3.2 37.00 NOTE
r-oldrel-windows-ix86+x86_64 1.3.2 14.00 76.00 90.00 OK

Check Details

Version: 1.3.2
Check: data for non-ASCII characters
Result: NOTE
     Note: found 20578 marked UTF-8 strings
Flavors: r-devel-linux-x86_64-fedora-clang, r-devel-linux-x86_64-fedora-gcc, r-release-macos-arm64, r-release-macos-x86_64, r-oldrel-macos-arm64, r-oldrel-macos-x86_64

Version: 1.3.2
Check: installed package size
Result: NOTE
     installed size is 5.3Mb
     sub-directories of 1Mb or more:
     data 5.0Mb
Flavors: r-release-macos-arm64, r-oldrel-macos-arm64