CRAN Package Check Results for Package ModStatR

Last updated on 2024-02-25 06:08:34 CET.

Flavor Version Tinstall Tcheck Ttotal Status Flags
r-devel-linux-x86_64-debian-clang 1.3.3 6.89 37.11 44.00 OK
r-devel-linux-x86_64-debian-gcc 1.3.3 5.38 28.30 33.68 OK
r-devel-linux-x86_64-fedora-clang 1.3.3 53.71 NOTE
r-devel-linux-x86_64-fedora-gcc 1.3.3 52.47 NOTE
r-devel-windows-x86_64 1.3.3 8.00 64.00 72.00 OK
r-patched-linux-x86_64 1.3.3 7.74 35.99 43.73 OK
r-release-linux-x86_64 1.3.3 5.28 35.71 40.99 OK
r-release-macos-arm64 1.3.3 26.00 NOTE
r-release-macos-x86_64 1.3.3 33.00 NOTE
r-release-windows-x86_64 1.3.3 9.00 66.00 75.00 OK
r-oldrel-macos-arm64 1.3.3 23.00 NOTE
r-oldrel-windows-x86_64 1.3.3 9.00 64.00 73.00 OK

Check Details

Version: 1.3.3
Check: data for non-ASCII characters
Result: NOTE Note: found 20578 marked UTF-8 strings Flavors: r-devel-linux-x86_64-fedora-clang, r-devel-linux-x86_64-fedora-gcc

Version: 1.3.3
Check: installed package size
Result: NOTE installed size is 5.3Mb sub-directories of 1Mb or more: data 5.0Mb Flavors: r-release-macos-arm64, r-release-macos-x86_64, r-oldrel-macos-arm64