CRAN Package Check Results for Package Modeler

Last updated on 2019-07-15 05:48:23 CEST.

Flavor Version Tinstall Tcheck Ttotal Status Flags
r-devel-linux-x86_64-debian-clang 3.4.5 6.14 75.54 81.68 OK
r-devel-linux-x86_64-debian-gcc 3.4.5 5.05 57.88 62.93 OK
r-devel-linux-x86_64-fedora-clang 3.4.5 96.16 OK
r-devel-linux-x86_64-fedora-gcc 3.4.5 93.84 OK
r-devel-windows-ix86+x86_64 3.4.5 11.00 100.00 111.00 OK
r-patched-linux-x86_64 3.4.5 5.61 73.76 79.37 OK
r-patched-solaris-x86 3.4.5 130.60 OK
r-release-linux-x86_64 3.4.5 5.46 73.06 78.52 OK
r-release-windows-ix86+x86_64 3.4.5 11.00 137.00 148.00 OK
r-release-osx-x86_64 3.4.5 ERROR
r-oldrel-windows-ix86+x86_64 3.4.5 11.00 88.00 99.00 OK
r-oldrel-osx-x86_64 3.4.5 OK

Check Details

Version: 3.4.5
Check: package dependencies
Result: ERROR
    Packages required but not available:
     'ClassDiscovery', 'ClassComparison', 'TailRank'
    
    Package suggested but not available for checking: ‘Biobase’
    
    See section ‘The DESCRIPTION file’ in the ‘Writing R Extensions’
    manual.
Flavor: r-release-osx-x86_64