CRAN Package Check Results for Package MomTrunc

Last updated on 2020-01-22 05:47:25 CET.

Flavor Version Tinstall Tcheck Ttotal Status Flags
r-devel-linux-x86_64-debian-clang 5.63 70.37 112.34 182.71 OK
r-devel-linux-x86_64-debian-gcc 5.63 57.58 84.47 142.05 OK
r-devel-linux-x86_64-fedora-clang 5.63 43.30 ERROR
r-devel-linux-x86_64-fedora-gcc 5.63 225.57 OK
r-devel-windows-ix86+x86_64 5.63 158.00 209.00 367.00 OK
r-devel-windows-ix86+x86_64-gcc8 5.57 161.00 154.00 315.00 OK
r-patched-linux-x86_64 5.63 59.44 97.73 157.17 OK
r-patched-solaris-x86 5.63 31.20 ERROR
r-release-linux-x86_64 5.63 56.43 99.60 156.03 OK
r-release-windows-ix86+x86_64 5.57 99.00 189.00 288.00 OK
r-release-osx-x86_64 5.63 ERROR
r-oldrel-windows-ix86+x86_64 5.63 1.00 7.00 8.00 ERROR
r-oldrel-osx-x86_64 5.63 ERROR

Check Details

Version: 5.63
Check: whether package can be installed
Result: ERROR
    Installation failed.
Flavors: r-devel-linux-x86_64-fedora-clang, r-patched-solaris-x86, r-release-osx-x86_64

Version: 5.63
Check: package dependencies
Result: ERROR
    Package required but not available: 'tlrmvnmvt'
    
    See section 'The DESCRIPTION file' in the 'Writing R Extensions'
    manual.
Flavors: r-oldrel-windows-ix86+x86_64, r-oldrel-osx-x86_64