CRAN Package Check Results for Package MomTrunc

Last updated on 2020-10-28 05:48:39 CET.

Flavor Version Tinstall Tcheck Ttotal Status Flags
r-devel-linux-x86_64-debian-clang 5.89 70.98 81.86 152.84 OK
r-devel-linux-x86_64-debian-gcc 5.89 60.41 59.55 119.96 OK
r-devel-linux-x86_64-fedora-clang 5.89 207.95 NOTE
r-devel-linux-x86_64-fedora-gcc 5.89 213.46 OK
r-devel-windows-ix86+x86_64 5.89 148.00 128.00 276.00 OK
r-patched-linux-x86_64 5.89 OK
r-patched-solaris-x86 5.89 178.70 OK
r-release-linux-x86_64 5.89 65.22 73.09 138.31 OK
r-release-macos-x86_64 5.89 NOTE
r-release-windows-ix86+x86_64 5.89 104.00 110.00 214.00 OK
r-oldrel-macos-x86_64 5.89 NOTE
r-oldrel-windows-ix86+x86_64 5.89 131.00 117.00 248.00 OK

Check Details

Version: 5.89
Check: installed package size
Result: NOTE
     installed size is 7.0Mb
     sub-directories of 1Mb or more:
     libs 6.5Mb
Flavors: r-devel-linux-x86_64-fedora-clang, r-release-macos-x86_64, r-oldrel-macos-x86_64