CRAN Package Check Results for Package MomTrunc

Last updated on 2020-08-10 05:48:42 CEST.

Flavor Version Tinstall Tcheck Ttotal Status Flags
r-devel-linux-x86_64-debian-clang 5.89 77.03 73.82 150.85 OK
r-devel-linux-x86_64-debian-gcc 5.89 57.66 55.15 112.81 OK
r-devel-linux-x86_64-fedora-clang 5.89 204.43 NOTE
r-devel-linux-x86_64-fedora-gcc 5.89 185.38 OK
r-devel-windows-ix86+x86_64 5.89 148.00 140.00 288.00 OK
r-patched-linux-x86_64 5.89 63.66 74.23 137.89 OK
r-patched-solaris-x86 5.89 178.20 OK
r-release-linux-x86_64 5.89 61.41 74.76 136.17 OK
r-release-macos-x86_64 5.89 NOTE
r-release-windows-ix86+x86_64 5.89 148.00 107.00 255.00 OK
r-oldrel-macos-x86_64 5.89 NOTE
r-oldrel-windows-ix86+x86_64 5.89 93.00 128.00 221.00 OK

Check Details

Version: 5.89
Check: installed package size
Result: NOTE
     installed size is 7.6Mb
     sub-directories of 1Mb or more:
     libs 7.1Mb
Flavors: r-devel-linux-x86_64-fedora-clang, r-release-macos-x86_64, r-oldrel-macos-x86_64