Last updated on 2021-01-20 05:49:11 CET.
Flavor | Version | Tinstall | Tcheck | Ttotal | Status | Flags |
---|---|---|---|---|---|---|
r-devel-linux-x86_64-debian-clang | 5.91 | 70.71 | 80.85 | 151.56 | OK | |
r-devel-linux-x86_64-debian-gcc | 5.91 | 55.22 | 60.77 | 115.99 | OK | |
r-devel-linux-x86_64-fedora-clang | 5.91 | 203.92 | NOTE | |||
r-devel-linux-x86_64-fedora-gcc | 5.91 | 191.04 | OK | |||
r-devel-windows-ix86+x86_64 | 5.91 | 113.00 | 100.00 | 213.00 | OK | |
r-patched-linux-x86_64 | 5.91 | 61.64 | 73.44 | 135.08 | OK | |
r-patched-solaris-x86 | 5.91 | 187.70 | OK | |||
r-release-linux-x86_64 | 5.91 | 60.12 | 73.94 | 134.06 | OK | |
r-release-macos-x86_64 | 5.91 | NOTE | ||||
r-release-windows-ix86+x86_64 | 5.91 | 122.00 | 107.00 | 229.00 | OK | |
r-oldrel-macos-x86_64 | 5.91 | NOTE | ||||
r-oldrel-windows-ix86+x86_64 | 5.91 | 99.00 | 88.00 | 187.00 | OK |
Version: 5.91
Check: installed package size
Result: NOTE
installed size is 7.0Mb
sub-directories of 1Mb or more:
libs 6.5Mb
Flavors: r-devel-linux-x86_64-fedora-clang, r-release-macos-x86_64, r-oldrel-macos-x86_64