CRAN Package Check Results for Package MonoPhy

Last updated on 2019-09-18 05:47:03 CEST.

Flavor Version Tinstall Tcheck Ttotal Status Flags
r-devel-linux-x86_64-debian-clang 1.2 9.70 90.56 100.26 NOTE
r-devel-linux-x86_64-debian-gcc 1.2 8.94 71.65 80.59 NOTE
r-devel-linux-x86_64-fedora-clang 1.2 123.37 NOTE
r-devel-linux-x86_64-fedora-gcc 1.2 119.82 NOTE
r-devel-windows-ix86+x86_64 1.2 30.00 160.00 190.00 OK
r-patched-linux-x86_64 1.2 10.09 88.53 98.62 OK
r-patched-solaris-x86 1.2 191.80 OK
r-release-linux-x86_64 1.2 8.74 88.64 97.38 OK
r-release-windows-ix86+x86_64 1.2 21.00 107.00 128.00 OK
r-release-osx-x86_64 1.2 OK
r-oldrel-windows-ix86+x86_64 1.2 24.00 103.00 127.00 OK
r-oldrel-osx-x86_64 1.2 OK

Check Details

Version: 1.2
Check: for non-standard things in the check directory
Result: NOTE
    Found the following files/directories:
     'MonoTaxplot.pdf' 'Taxplot.pdf'
Flavors: r-devel-linux-x86_64-debian-clang, r-devel-linux-x86_64-debian-gcc, r-devel-linux-x86_64-fedora-clang, r-devel-linux-x86_64-fedora-gcc