CRAN Package Check Results for Package Morpho

Last updated on 2024-07-16 05:55:56 CEST.

Flavor Version Tinstall Tcheck Ttotal Status Flags
r-devel-linux-x86_64-debian-clang 2.12 308.65 209.23 517.88 OK
r-devel-linux-x86_64-debian-gcc 2.12 204.12 149.89 354.01 OK
r-devel-linux-x86_64-fedora-clang 2.12 730.58 OK
r-devel-linux-x86_64-fedora-gcc 2.12 718.99 OK
r-devel-windows-x86_64 2.12 229.00 212.00 441.00 NOTE
r-patched-linux-x86_64 2.12 253.46 198.53 451.99 OK
r-release-linux-x86_64 2.12 252.41 195.85 448.26 OK
r-release-macos-arm64 2.12 129.00 NOTE
r-release-macos-x86_64 2.12 160.00 NOTE
r-release-windows-x86_64 2.12 232.00 219.00 451.00 NOTE
r-oldrel-macos-arm64 2.12 139.00 NOTE
r-oldrel-macos-x86_64 2.12 213.00 NOTE
r-oldrel-windows-x86_64 2.12 284.00 263.00 547.00 NOTE

Check Details

Version: 2.12
Check: installed package size
Result: NOTE installed size is 5.2Mb sub-directories of 1Mb or more: data 2.0Mb libs 1.5Mb Flavors: r-devel-windows-x86_64, r-release-macos-arm64, r-release-macos-x86_64, r-release-windows-x86_64, r-oldrel-macos-arm64, r-oldrel-macos-x86_64, r-oldrel-windows-x86_64

Version: 2.12
Check: Rd cross-references
Result: NOTE Found the following Rd file(s) with Rd \link{} targets missing package anchors: getOuterViewpoints.Rd: vcgSphere meshDist.Rd: shade3d, material3d render.Rd: shade3d, material3d warpmovie3d.Rd: shade3d Please provide package anchors for all Rd \link{} targets not in the package itself and the base packages. Flavor: r-devel-windows-x86_64