CRAN Package Check Results for Package MullerPlot

Last updated on 2019-12-14 05:47:35 CET.

Flavor Version Tinstall Tcheck Ttotal Status Flags
r-devel-linux-x86_64-debian-clang 0.1.2 2.48 27.89 30.37 NOTE
r-devel-linux-x86_64-debian-gcc 0.1.2 2.28 22.20 24.48 NOTE
r-devel-linux-x86_64-fedora-clang 0.1.2 38.51 OK
r-devel-linux-x86_64-fedora-gcc 0.1.2 38.14 OK
r-devel-windows-ix86+x86_64 0.1.2 7.00 38.00 45.00 NOTE
r-devel-windows-ix86+x86_64-gcc8 0.1.2 7.00 56.00 63.00 NOTE
r-patched-linux-x86_64 0.1.2 1.98 26.32 28.30 OK
r-patched-solaris-x86 0.1.2 49.90 OK
r-release-linux-x86_64 0.1.2 2.20 26.32 28.52 OK
r-release-windows-ix86+x86_64 0.1.2 8.00 36.00 44.00 OK
r-release-osx-x86_64 0.1.2 OK
r-oldrel-windows-ix86+x86_64 0.1.2 3.00 39.00 42.00 OK
r-oldrel-osx-x86_64 0.1.2 OK

Check Details

Version: 0.1.2
Check: package vignettes
Result: NOTE
    Package vignette with placeholder title 'Vignette Title':
     'MullerPlot.Rmd'
Flavors: r-devel-linux-x86_64-debian-clang, r-devel-linux-x86_64-debian-gcc, r-devel-windows-ix86+x86_64, r-devel-windows-ix86+x86_64-gcc8