CRAN Package Check Results for Package MullerPlot

Last updated on 2021-12-08 05:58:44 CET.

Flavor Version Tinstall Tcheck Ttotal Status Flags
r-devel-linux-x86_64-debian-clang 0.1.2 2.88 36.72 39.60 NOTE
r-devel-linux-x86_64-debian-gcc 0.1.2 1.81 28.91 30.72 NOTE
r-devel-linux-x86_64-fedora-clang 0.1.2 49.55 OK
r-devel-linux-x86_64-fedora-gcc 0.1.2 38.24 OK
r-devel-windows-x86_64-new-UL 0.1.2 7.00 69.00 76.00 NOTE
r-devel-windows-x86_64-new-TK 0.1.2 OK
r-devel-windows-x86_64-old 0.1.2 5.00 50.00 55.00 NOTE
r-patched-linux-x86_64 0.1.2 2.42 35.38 37.80 NOTE
r-release-linux-x86_64 0.1.2 2.61 35.25 37.86 NOTE
r-release-macos-arm64 0.1.2 OK
r-release-macos-x86_64 0.1.2 OK
r-release-windows-ix86+x86_64 0.1.2 5.00 96.00 101.00 NOTE
r-oldrel-macos-x86_64 0.1.2 OK
r-oldrel-windows-ix86+x86_64 0.1.2 7.00 47.00 54.00 NOTE

Check Details

Version: 0.1.2
Check: package vignettes
Result: NOTE
    Package vignette with placeholder title 'Vignette Title':
     'MullerPlot.Rmd'
Flavors: r-devel-linux-x86_64-debian-clang, r-devel-linux-x86_64-debian-gcc, r-devel-windows-x86_64-new-UL, r-devel-windows-x86_64-old, r-patched-linux-x86_64, r-release-linux-x86_64, r-release-windows-ix86+x86_64, r-oldrel-windows-ix86+x86_64