CRAN Package Check Results for Package MullerPlot

Last updated on 2019-08-22 05:47:05 CEST.

Flavor Version Tinstall Tcheck Ttotal Status Flags
r-devel-linux-x86_64-debian-clang 0.1.2 2.70 26.89 29.59 NOTE
r-devel-linux-x86_64-debian-gcc 0.1.2 2.07 21.24 23.31 NOTE
r-devel-linux-x86_64-fedora-clang 0.1.2 37.49 OK
r-devel-linux-x86_64-fedora-gcc 0.1.2 34.58 OK
r-devel-windows-ix86+x86_64 0.1.2 17.00 51.00 68.00 NOTE
r-patched-linux-x86_64 0.1.2 2.00 26.63 28.63 OK
r-patched-solaris-x86 0.1.2 52.80 OK
r-release-linux-x86_64 0.1.2 2.20 26.43 28.63 OK
r-release-windows-ix86+x86_64 0.1.2 10.00 50.00 60.00 OK
r-release-osx-x86_64 0.1.2 OK
r-oldrel-windows-ix86+x86_64 0.1.2 6.00 49.00 55.00 OK
r-oldrel-osx-x86_64 0.1.2 OK

Check Details

Version: 0.1.2
Check: package vignettes
Result: NOTE
    Package vignette with placeholder title 'Vignette Title':
     'MullerPlot.Rmd'
Flavors: r-devel-linux-x86_64-debian-clang, r-devel-linux-x86_64-debian-gcc, r-devel-windows-ix86+x86_64