CRAN Package Check Results for Package MultIS

Last updated on 2021-12-01 05:59:32 CET.

Flavor Version Tinstall Tcheck Ttotal Status Flags
r-devel-linux-x86_64-debian-clang 0.6.2 6.25 77.71 83.96 OK
r-devel-linux-x86_64-debian-gcc 0.6.2 4.64 64.70 69.34 OK
r-devel-linux-x86_64-fedora-clang 0.6.2 113.40 NOTE
r-devel-linux-x86_64-fedora-gcc 0.6.2 96.83 NOTE
r-devel-windows-x86_64-new-UL 0.6.2 15.00 144.00 159.00 OK
r-devel-windows-x86_64-new-TK 0.6.2 NOTE
r-devel-windows-x86_64-old 0.6.2 11.00 90.00 101.00 OK
r-patched-linux-x86_64 0.6.2 6.31 72.40 78.71 OK
r-patched-solaris-x86 0.6.2 133.70 NOTE
r-release-linux-x86_64 0.6.2 5.64 70.30 75.94 OK
r-release-macos-arm64 0.6.2 NOTE
r-release-macos-x86_64 0.6.2 NOTE
r-release-windows-ix86+x86_64 0.6.2 14.00 112.00 126.00 OK
r-oldrel-macos-x86_64 0.6.2 NOTE
r-oldrel-windows-ix86+x86_64 0.6.2 10.00 83.00 93.00 OK

Check Details

Version: 0.6.2
Check: dependencies in R code
Result: NOTE
    Namespaces in Imports field not imported from:
     ‘poweRlaw’ ‘rmutil’
     All declared Imports should be used.
Flavors: r-devel-linux-x86_64-fedora-clang, r-devel-linux-x86_64-fedora-gcc, r-devel-windows-x86_64-new-TK, r-patched-solaris-x86, r-release-macos-arm64, r-release-macos-x86_64, r-oldrel-macos-x86_64