CRAN Package Check Results for Package MultOrdRS

Last updated on 2022-01-22 05:10:24 CET.

Flavor Version Tinstall Tcheck Ttotal Status Flags
r-devel-linux-x86_64-debian-clang 0.1-2 51.72 49.61 101.33 OK
r-devel-linux-x86_64-debian-gcc 0.1-2 31.41 36.84 68.25 OK
r-devel-linux-x86_64-fedora-clang 0.1-2 141.39 OK
r-devel-linux-x86_64-fedora-gcc 0.1-2 118.12 OK
r-devel-windows-x86_64-new-UL 0.1-2 54.00 86.00 140.00 OK
r-devel-windows-x86_64-new-TK 0.1-2 OK
r-patched-linux-x86_64 0.1-2 37.95 47.01 84.96 OK
r-release-linux-x86_64 0.1-2 43.73 46.90 90.63 OK
r-release-macos-arm64 0.1-2 NOTE
r-release-macos-x86_64 0.1-2 OK
r-release-windows-ix86+x86_64 0.1-2 105.00 90.00 195.00 OK
r-oldrel-macos-x86_64 0.1-2 OK
r-oldrel-windows-ix86+x86_64 0.1-2 109.00 90.00 199.00 OK

Check Details

Version: 0.1-2
Check: installed package size
Result: NOTE
     installed size is 5.6Mb
     sub-directories of 1Mb or more:
     libs 5.5Mb
Flavor: r-release-macos-arm64