CRAN Package Check Results for Package MultiSV

Last updated on 2020-10-28 05:48:39 CET.

Flavor Version Tinstall Tcheck Ttotal Status Flags
r-devel-linux-x86_64-debian-clang 0.0-67 6.31 31.20 37.51 NOTE
r-devel-linux-x86_64-debian-gcc 0.0-67 5.35 24.78 30.13 NOTE
r-devel-linux-x86_64-fedora-clang 0.0-67 63.85 NOTE
r-devel-linux-x86_64-fedora-gcc 0.0-67 46.82 NOTE
r-devel-windows-ix86+x86_64 0.0-67 11.00 50.00 61.00 NOTE
r-patched-linux-x86_64 0.0-67 NOTE
r-patched-solaris-x86 0.0-67 66.70 NOTE
r-release-linux-x86_64 0.0-67 5.76 29.86 35.62 NOTE
r-release-macos-x86_64 0.0-67 NOTE
r-release-windows-ix86+x86_64 0.0-67 10.00 36.00 46.00 NOTE
r-oldrel-macos-x86_64 0.0-67 NOTE
r-oldrel-windows-ix86+x86_64 0.0-67 18.00 50.00 68.00 NOTE

Check Details

Version: 0.0-67
Check: R code for possible problems
Result: NOTE
    PrbMlt.default: no visible binding for global variable 'na.omit'
    PrbMlt.default: no visible global function definition for 'anova'
    Undefined global functions or variables:
     anova na.omit
    Consider adding
     importFrom("stats", "anova", "na.omit")
    to your NAMESPACE file.
Flavors: r-devel-linux-x86_64-debian-clang, r-devel-linux-x86_64-debian-gcc, r-devel-linux-x86_64-fedora-clang, r-devel-linux-x86_64-fedora-gcc, r-devel-windows-ix86+x86_64, r-patched-linux-x86_64, r-patched-solaris-x86, r-release-linux-x86_64, r-release-macos-x86_64, r-release-windows-ix86+x86_64, r-oldrel-macos-x86_64, r-oldrel-windows-ix86+x86_64

Version: 0.0-67
Check: installed package size
Result: NOTE
     installed size is 5.1Mb
     sub-directories of 1Mb or more:
     data 5.0Mb
Flavors: r-devel-linux-x86_64-fedora-clang, r-devel-windows-ix86+x86_64, r-patched-solaris-x86, r-release-macos-x86_64, r-release-windows-ix86+x86_64, r-oldrel-macos-x86_64, r-oldrel-windows-ix86+x86_64