CRAN Package Check Results for Package NNS

Last updated on 2024-06-13 06:58:10 CEST.

Flavor Version Tinstall Tcheck Ttotal Status Flags
r-devel-linux-x86_64-debian-clang 10.8.2 68.96 173.63 242.59 NOTE
r-devel-linux-x86_64-debian-gcc 10.8.2 44.53 125.59 170.12 ERROR
r-devel-linux-x86_64-fedora-clang 10.8.2 341.57 NOTE
r-devel-linux-x86_64-fedora-gcc 10.8.2 353.27 NOTE
r-devel-windows-x86_64 10.8.2 57.00 161.00 218.00 NOTE
r-patched-linux-x86_64 10.8.2 66.03 174.73 240.76 NOTE
r-release-linux-x86_64 10.8.2 55.95 167.60 223.55 NOTE
r-release-macos-arm64 10.8.2 91.00 NOTE
r-release-macos-x86_64 10.8.2 119.00 NOTE
r-release-windows-x86_64 10.8.2 63.00 165.00 228.00 NOTE
r-oldrel-macos-arm64 10.8.2 87.00 NOTE
r-oldrel-macos-x86_64 10.8.2 202.00 NOTE
r-oldrel-windows-x86_64 10.8.2 72.00 194.00 266.00 NOTE

Check Details

Version: 10.8.2
Check: for GNU extensions in Makefiles
Result: NOTE GNU make is a SystemRequirements. Flavors: r-devel-linux-x86_64-debian-clang, r-devel-linux-x86_64-debian-gcc, r-devel-linux-x86_64-fedora-clang, r-devel-linux-x86_64-fedora-gcc, r-devel-windows-x86_64, r-patched-linux-x86_64, r-release-linux-x86_64, r-release-macos-arm64, r-release-macos-x86_64, r-release-windows-x86_64, r-oldrel-macos-arm64, r-oldrel-macos-x86_64, r-oldrel-windows-x86_64

Version: 10.8.2
Check: package dependencies
Result: NOTE Package suggested but not available for checking: ‘testthat’ Flavor: r-devel-linux-x86_64-debian-gcc

Version: 10.8.2
Check: tests
Result: ERROR Running ‘testthat.R’ [0s/1s] Running the tests in ‘tests/testthat.R’ failed. Complete output: > library(testthat) Error in library(testthat) : there is no package called 'testthat' Execution halted Flavor: r-devel-linux-x86_64-debian-gcc