CRAN Package Check Results for Package Neighboot

Last updated on 2022-01-24 05:51:56 CET.

Flavor Version Tinstall Tcheck Ttotal Status Flags
r-devel-linux-x86_64-debian-clang 1.0.0 12.76 118.61 131.37 OK
r-devel-linux-x86_64-debian-gcc 1.0.0 10.95 89.45 100.40 OK
r-devel-linux-x86_64-fedora-clang 1.0.0 160.21 NOTE
r-devel-linux-x86_64-fedora-gcc 1.0.0 154.25 NOTE
r-devel-windows-x86_64-new-UL 1.0.0 20.00 135.00 155.00 OK
r-devel-windows-x86_64-new-TK 1.0.0 NOTE
r-patched-linux-x86_64 1.0.0 11.85 110.62 122.47 OK
r-release-linux-x86_64 1.0.0 10.02 112.54 122.56 OK
r-release-macos-arm64 1.0.0 NOTE
r-release-macos-x86_64 1.0.0 NOTE
r-release-windows-ix86+x86_64 1.0.0 32.00 134.00 166.00 OK
r-oldrel-macos-x86_64 1.0.0 NOTE
r-oldrel-windows-ix86+x86_64 1.0.0 32.00 134.00 166.00 OK

Check Details

Version: 1.0.0
Check: dependencies in R code
Result: NOTE
    Namespace in Imports field not imported from: ‘magrittr’
     All declared Imports should be used.
Flavors: r-devel-linux-x86_64-fedora-clang, r-devel-linux-x86_64-fedora-gcc, r-devel-windows-x86_64-new-TK, r-release-macos-arm64, r-release-macos-x86_64, r-oldrel-macos-x86_64