CRAN Package Check Results for Package NestedCategBayesImpute

Last updated on 2021-10-22 05:59:53 CEST.

Flavor Version Tinstall Tcheck Ttotal Status Flags
r-devel-linux-x86_64-debian-clang 1.2.1 148.40 51.03 199.43 NOTE
r-devel-linux-x86_64-debian-gcc 1.2.1 106.24 38.51 144.75 NOTE
r-devel-linux-x86_64-fedora-clang 1.2.1 328.99 NOTE
r-devel-linux-x86_64-fedora-gcc 1.2.1 266.58 NOTE
r-devel-windows-x86_64 1.2.1 198.00 81.00 279.00 NOTE
r-devel-windows-x86_64-gcc10-UCRT 1.2.1 NOTE
r-patched-linux-x86_64 1.2.1 124.96 48.19 173.15 NOTE
r-patched-solaris-x86 1.2.1 242.90 WARN
r-release-linux-x86_64 1.2.1 127.39 48.25 175.64 NOTE
r-release-macos-arm64 1.2.1 NOTE
r-release-macos-x86_64 1.2.1 NOTE
r-release-windows-ix86+x86_64 1.2.1 376.00 105.00 481.00 WARN
r-oldrel-macos-x86_64 1.2.1 NOTE
r-oldrel-windows-ix86+x86_64 1.2.1 377.00 107.00 484.00 WARN

Check Details

Version: 1.2.1
Check: LazyData
Result: NOTE
     'LazyData' is specified without a 'data' directory
Flavors: r-devel-linux-x86_64-debian-clang, r-devel-linux-x86_64-debian-gcc, r-devel-linux-x86_64-fedora-clang, r-devel-linux-x86_64-fedora-gcc, r-devel-windows-x86_64, r-devel-windows-x86_64-gcc10-UCRT, r-patched-linux-x86_64, r-patched-solaris-x86, r-release-linux-x86_64, r-release-macos-arm64, r-release-macos-x86_64, r-release-windows-ix86+x86_64

Version: 1.2.1
Check: for GNU extensions in Makefiles
Result: NOTE
    GNU make is a SystemRequirements.
Flavors: r-devel-linux-x86_64-debian-clang, r-devel-linux-x86_64-debian-gcc, r-devel-linux-x86_64-fedora-clang, r-devel-linux-x86_64-fedora-gcc, r-devel-windows-x86_64, r-devel-windows-x86_64-gcc10-UCRT, r-patched-linux-x86_64, r-patched-solaris-x86, r-release-linux-x86_64, r-release-macos-arm64, r-release-macos-x86_64, r-release-windows-ix86+x86_64, r-oldrel-macos-x86_64, r-oldrel-windows-ix86+x86_64

Version: 1.2.1
Check: installed package size
Result: NOTE
     installed size is 5.2Mb
     sub-directories of 1Mb or more:
     libs 4.5Mb
Flavors: r-devel-linux-x86_64-fedora-clang, r-release-macos-arm64

Version: 1.2.1
Check: whether package can be installed
Result: WARN
    Found the following significant warnings:
     generateData.cpp:105:18: warning: passing NULL to non-pointer argument 1 of ‘Rcpp::Vector<RTYPE, StoragePolicy>::Vector(const int&) [with int RTYPE = 19; StoragePolicy = Rcpp::PreserveStorage]’ [-Wconversion-null]
Flavors: r-patched-solaris-x86, r-release-windows-ix86+x86_64, r-oldrel-windows-ix86+x86_64