CRAN Package Check Results for Package NestedCategBayesImpute

Last updated on 2019-12-14 05:47:35 CET.

Flavor Version Tinstall Tcheck Ttotal Status Flags
r-devel-linux-x86_64-debian-clang 1.2.1 149.88 38.47 188.35 NOTE
r-devel-linux-x86_64-debian-gcc 1.2.1 94.71 29.87 124.58 NOTE
r-devel-linux-x86_64-fedora-clang 1.2.1 277.55 NOTE
r-devel-linux-x86_64-fedora-gcc 1.2.1 245.68 NOTE
r-devel-windows-ix86+x86_64 1.2.1 276.00 73.00 349.00 WARN
r-devel-windows-ix86+x86_64-gcc8 1.2.1 373.00 110.00 483.00 WARN
r-patched-linux-x86_64 1.2.1 113.79 35.30 149.09 NOTE
r-patched-solaris-x86 1.2.1 206.40 WARN
r-release-linux-x86_64 1.2.1 110.24 34.48 144.72 NOTE
r-release-windows-ix86+x86_64 1.2.1 272.00 74.00 346.00 WARN
r-release-osx-x86_64 1.2.1 NOTE
r-oldrel-windows-ix86+x86_64 1.2.1 309.00 75.00 384.00 NOTE
r-oldrel-osx-x86_64 1.2.1 NOTE

Check Details

Version: 1.2.1
Check: for GNU extensions in Makefiles
Result: NOTE
    GNU make is a SystemRequirements.
Flavors: r-devel-linux-x86_64-debian-clang, r-devel-linux-x86_64-debian-gcc, r-devel-linux-x86_64-fedora-clang, r-devel-linux-x86_64-fedora-gcc, r-devel-windows-ix86+x86_64, r-devel-windows-ix86+x86_64-gcc8, r-patched-linux-x86_64, r-patched-solaris-x86, r-release-linux-x86_64, r-release-windows-ix86+x86_64, r-release-osx-x86_64, r-oldrel-windows-ix86+x86_64, r-oldrel-osx-x86_64

Version: 1.2.1
Check: installed package size
Result: NOTE
     installed size is 5.2Mb
     sub-directories of 1Mb or more:
     libs 4.5Mb
Flavor: r-devel-linux-x86_64-fedora-clang

Version: 1.2.1
Check: whether package can be installed
Result: WARN
    Found the following significant warnings:
     generateData.cpp:105:18: warning: passing NULL to non-pointer argument 1 of 'Rcpp::Vector<RTYPE, StoragePolicy>::Vector(const int&) [with int RTYPE = 19; StoragePolicy = Rcpp::PreserveStorage]' [-Wconversion-null]
Flavors: r-devel-windows-ix86+x86_64, r-devel-windows-ix86+x86_64-gcc8, r-patched-solaris-x86, r-release-windows-ix86+x86_64