CRAN Package Check Results for Package NetMix

Last updated on 2019-10-17 05:47:10 CEST.

Flavor Version Tinstall Tcheck Ttotal Status Flags
r-devel-linux-x86_64-debian-clang 0.1.4 50.58 72.40 122.98 OK
r-devel-linux-x86_64-debian-gcc 0.1.4 35.22 56.17 91.39 OK
r-devel-linux-x86_64-fedora-clang 0.1.4 160.91 OK
r-devel-linux-x86_64-fedora-gcc 0.1.4 147.18 OK
r-devel-windows-ix86+x86_64 0.1.4 122.00 195.00 317.00 OK
r-patched-linux-x86_64 0.1.4 34.85 71.11 105.96 OK
r-patched-solaris-x86 0.1.4 173.60 ERROR
r-release-linux-x86_64 0.1.4 38.96 70.62 109.58 OK
r-release-windows-ix86+x86_64 0.1.4 86.00 204.00 290.00 OK
r-release-osx-x86_64 0.1.4 OK
r-oldrel-windows-ix86+x86_64 0.1.4 86.00 139.00 225.00 OK
r-oldrel-osx-x86_64 0.1.4 OK

Check Details

Version: 0.1.4
Check: examples
Result: ERROR
    Running examples in ‘NetMix-Ex.R’ failed
    The error most likely occurred in:
    
    > ### Name: plot.mmsbm
    > ### Title: Various visualization tools for 'mmsbm' objects
    > ### Aliases: plot.mmsbm
    >
    > ### ** Examples
    >
    > library(NetMix)
    > ## Load datasets
    > data("lazega_dyadic")
    > data("lazega_monadic")
    > ## Estimate model with 2 groups
    > set.seed(123)
    > lazega_mmsbm <- mmsbm(SocializeWith ~ Coworkers,
    + ~ School + Practice + Status,
    + senderID = "Lawyer1",
    + receiverID = "Lawyer2",
    + nodeID = "Lawyer",
    + data.dyad = lazega_dyadic,
    + data.monad = lazega_monadic,
    + n.blocks = 2)
    Error in .mmsbm_fit(t(Z), t(X), Y, t_id_d, t_id_n, nodes_pp, nt_id, mu_b, :
     Phi value became NaN
    Calls: mmsbm -> .mmsbm_fit
    Execution halted
Flavor: r-patched-solaris-x86