CRAN Package Check Results for Package NetRep

Last updated on 2021-11-28 05:49:40 CET.

Flavor Version Tinstall Tcheck Ttotal Status Flags
r-devel-linux-x86_64-debian-clang 1.2.4 OK
r-devel-linux-x86_64-debian-gcc 1.2.4 112.52 117.72 230.24 OK
r-devel-linux-x86_64-fedora-clang 1.2.4 440.30 NOTE
r-devel-linux-x86_64-fedora-gcc 1.2.4 406.75 OK
r-devel-windows-x86_64-new-UL 1.2.4 205.00 227.00 432.00 OK
r-devel-windows-x86_64-new-TK 1.2.4 OK
r-devel-windows-x86_64-old 1.2.4 153.00 165.00 318.00 OK
r-patched-linux-x86_64 1.2.4 140.27 150.10 290.37 OK
r-patched-solaris-x86 1.2.4 286.00 ERROR
r-release-linux-x86_64 1.2.4 133.66 151.58 285.24 OK
r-release-macos-arm64 1.2.4 NOTE
r-release-macos-x86_64 1.2.4 NOTE
r-release-windows-ix86+x86_64 1.2.4 391.00 246.00 637.00 OK
r-oldrel-macos-x86_64 1.2.4 NOTE
r-oldrel-windows-ix86+x86_64 1.2.4 275.00 238.00 513.00 OK

Check Details

Version: 1.2.4
Check: installed package size
Result: NOTE
     installed size is 7.4Mb
     sub-directories of 1Mb or more:
     doc 1.4Mb
     libs 5.0Mb
Flavors: r-devel-linux-x86_64-fedora-clang, r-release-macos-arm64, r-release-macos-x86_64, r-oldrel-macos-x86_64

Version: 1.2.4
Check: examples
Result: ERROR
    Running examples in ‘NetRep-Ex.R’ failed
    The error most likely occurred in:
    
    > ### Name: combineAnalyses
    > ### Title: Combine results of multiple permutation procedures
    > ### Aliases: combineAnalyses
    > ### Keywords: internal
    >
    > ### ** Examples
    >
    > data("NetRep")
    >
    > # Set up input lists for each input matrix type across datasets. The list
    > # elements can have any names, so long as they are consistent between the
    > # inputs.
    > network_list <- list(discovery=discovery_network, test=test_network)
    > data_list <- list(discovery=discovery_data, test=test_data)
    > correlation_list <- list(discovery=discovery_correlation, test=test_correlation)
    > labels_list <- list(discovery=module_labels)
    >
    > pres1 <- modulePreservation(
    + network=network_list, data=data_list, correlation=correlation_list,
    + moduleAssignments=labels_list, nPerm=1000, discovery="discovery",
    + test="test", nThreads=2
    + )
    [2021-11-05 20:54:07 GMT] Validating user input...
    [2021-11-05 20:54:07 GMT] Checking matrices for problems...
    [2021-11-05 20:54:07 GMT] Input ok!
    [2021-11-05 20:54:08 GMT] Calculating preservation of network subsets from
     dataset "discovery" in dataset "test".
    [2021-11-05 20:54:08 GMT] Pre-computing network properties in dataset
     "discovery"...
    [2021-11-05 20:54:08 GMT] Calculating observed test statistics...
    [2021-11-05 20:54:08 GMT] Generating null distributions from 1000
     permutations using 2 threads...
    
    
     0% completed.
     19% completed.
     42% completed.
     *** caught segfault ***
    address 32607e75, cause 'memory not mapped'
    
     43% completed.
     43% completed.
     43% completed.
     43% completed.
     43% completed.
     43% completed.
     43% completed.
     43% completed.
     43% completed.
     43% completed.
     43% completed.
     43% completed.
     43% completed.
     43% completed.
     43% completed.
     43% completed.
     43% completed.
     43% completed.
     43% completed.
     43% completed.
     43% completed.
     43% completed.
     43% completed.
     43% completed.
     43% completed.
     43% completed.
     43% completed.
     43% completed.
     43% completed.
     43% completed.
     43% completed.
     43% completed.
     43% completed.
     43% completed.
     43% completed.
     43% completed.
     43% completed.
     43% completed.
     43% completed.
     43% completed.
     43% completed.
     43% completed.
     43% completed.
     43% completed.
     43% completed.
     43% completed.
     43% completed.
     43% completed.
     43% completed.
     43% completed.
     43% completed.
     43% completed.
     43% completed.
     43% completed.
     43% completed.
     43% completed.
     43% completed.
     43% completed.
     43% completed.
     43% completed.
     43% completed.
     43% completed.
     43% completed.
     43% completed.
     43% completed.
     43% completed.
     43% completed.
     43% completed.
     43% completed.
     43% completed.
     43% completed.
     43% completed.
     43% completed.
     43% completed.
     43% completed.
     43% completed.
     43% completed.
     43% completed.
     43% completed.
     43% completed.
     43% completed.
     43% completed.
     43% completed.
     43% completed.
     43% completed.
     43% completed.
     43% completed.
     43% completed.
     43% completed.
     43% completed.
     43% completed.
     43% completed.
     43% completed.
     43% completed.
     43% completed.
     43% completed.
     43% completed.
     43% completed.
     43% completed.
     43% completed.
     43% completed.
     43% completed.
     43% completed.
     43% completed.
     43% completed.
     43% completed.
     43% completed.
     43% completed.
     43% completed.
     43% completed.
     43% completed.
     43% completed.
     43% completed.
     43% completed.
     43% completed.
     43% completed.
     43% completed.
     43% completed.
     43% completed.
     43% completed.
     43% completed.
     43% completed.
     43% completed.
     43% completed.
     43% completed.
     43% completed.
     43% completed.
     43% completed.
     43% completed.
     43% completed.
     43% completed.
     43% completed.
     43% completed.
     43% completed.
     43% completed.
     43% completed.
     43% completed.
     43% completed.
     43% completed.
     43% completed.
     43% completed.
     43% completed.
     43% completed.
     43% completed.
     43% completed.
     43% completed.
     43% completed.
     43% completed.
     43% completed.
     43% completed.
     43% completed.
     43% completed.
     43% completed.
     43% completed.
     43% completed.
     43% completed.
     43% completed.
     43% completed.
     43% completed.
     43% completed.
     43% completed.
     43% completed.
     43% completed.
     43% completed.
     43% completed.
     43% completed.
     43% completed.
     43% completed.
     43% completed.
     43% completed.
     43% completed.
     43% completed.
     43% completed.
     43% completed.
     43% completed.
     43% completed.
     43% completed.
     43% completed.
     43% completed.
     43% completed.
     43% completed.
     43% completed.
     43% completed.
     43% completed.
     43% completed.
     43% completed.
     43% completed.
     43% completed.
     43% completed.
     43% completed.
     43% completed.
     43% completed.
     43% completed.
     43% completed.
     43% completed.
     43% completed.
     43% completed.
     43% completed.
     43% completed.
     43% completed.
     43% completed.
     43% completed.
     43% completed.
     43% completed.
     43% completed.
     43% completed.
     43% completed.
     43% completed.
     43% completed.
     43% completed.
     43% completed.
     43% completed.
     43% completed.
     43% completed.
     43% completed.
     43% completed.
     43% completed.
     43% completed.
     43% completed.
     43% completed.
     43% completed.
     43% completed.
     43% completed.
     43% completed.
     43% completed.
     43% completed.
     43% completed.
     43% completed.
     43% completed.
     43% completed.
     43% completed.
     43% completed.
     43% completed.
     43% completed.
     43% completed.
     43% completed.
     43% completed.
     43% completed.
     43% completed.
     43% completed.
     43% completed.
     43% completed.
     43% completed.
     43% completed.
     43% completed.
     43% completed.
     43% completed.
     43% completed.
     43% completed.
     43% completed.
     43% completed.
     43% completed.
     43% completed.
     43% completed.
     43% completed.
     43% completed.
     43% completed.
     43% completed.
     43% completed.
     43% completed.
     43% completed.
     43% completed.
     43% completed.
     43% completed.
     43% completed.
     43% completed.
     43% completed.
     43% completed.
     43% completed.
     43% completed.
     43% completed.
     43% completed.
     43% completed.
     43% completed.
     43% completed.
     43% completed.
     43% completed.
     43% completed.
     43% completed.
     43% completed.
     43% completed.
     43% completed.
     43% completed.
     43% completed.
     43% completed.
     43% completed.
     43% completed.
     43% completed.
     43% completed.
     43% completed.
     43% completed.
     43% completed.
     43% completed.
     43% completed.
     43% completed.
     43% completed.
     43% completed.
     43% completed.
     43% completed.
     43% completed.
     43% completed.
     43% completed.
     43% completed.
     43% completed.
     43% completed.
     43% completed.
     43% completed.
     43% completed.
     43% completed.
     43% completed.
     43% completed.
     43% completed.
     43% completed.
     43% completed.
     43% completed.
     43% completed.
     43% completed.
     43% completed.
     43% completed.
     43% completed.
     43% completed.
     43% completed.
     43% completed.
     43% completed.
     43% completed.
     43% completed.
     43% completed.
     43% completed.
     43% completed.
     43% completed.
     43% completed.
     43% completed.
     43% completed.
     43% completed.
     43% completed.
     43% completed.
     43% completed.
     43% completed.
     43% completed.
     43% completed.
     43% completed.
     43% completed.
     43% completed.
     43% completed.
     43% completed.
     43% completed.
     43% completed.
     43% completed.
     43% completed.
     43% completed.
     43% completed.
     43% completed.
     43% completed.
     43% completed.
     43% completed.
     43% completed.
     43% completed.
     43% completed.
     43% completed.
     43% completed.
     43% completed.
     43% completed.
     43% completed.
     43% completed.
     43% completed.
     43% completed.
     43% completed.
     43% completed.
     43% completed.
     43% completed.
     43% completed.
     43% completed.
     43% completed.
     43% completed.
     43% completed.
     43% completed.
     43% completed.
     43% completed.
     43% completed.
     43% completed.
     43% completed.
     43% completed.
     43% completed.
     43% completed.
     43% completed.
     43% completed.
     43% completed.
     43% completed.
     43% completed.
     43% completed.
     43% completed.
     43% completed.
     43% completed.
     43% completed.
     43% completed.
     43% completed.
     43% completed.
     43% completed.
     43% completed.
     43% completed.
     43% completed.
     43% completed.
     43% completed.
     43% completed.
     43% completed.
     43% completed.
     43% completed.
     43% completed.
     43% completed.
     43% completed.
     43% completed.
     43% completed.
     43% completed.
     43% completed.
     43% completed.
     43% completed.
     43% completed.
     43% completed.
     43% completed.
     43% completed.
     43% completed.
     43% completed.
     43% completed.
     43% completed.
     43% completed.
     43% completed.
     43% completed.
     43% completed.
     43% completed.
     43% completed.
     43% completed.
     43% completed.
     43% completed.
     43% completed.
     43% completed.
     43% completed.
     43% completed.
     43% completed.
     43% completed.
     43% completed.
     43% completed.
     43% completed.
     43% completed.
     43% completed.
     43% completed.
     43% completed.
     43% completed.
     43% completed.
     43% completed.
     43% completed.
     43% completed.
     43% completed.
     43% completed.
     43% completed.
     43% completed.
     43% completed.
     43% completed.
     43% completed.
     43% completed.
     43% completed.
     43% completed.
     43% completed.
     43% completed.
     43% completed.
     43% completed.
     43% completed.
     43% completed.
     43% completed.
     43% completed.
     43% completed.
     43% completed.
     43% completed.
     43% completed.
     43% completed.
     43% completed.
     43% completed.
     43% completed.
     43% completed.
     43% completed.
     43% completed.
     43% completed.
     43% completed.
     43% completed.
     43% completed.
     43% completed.
     43% completed.
     43% completed.
     43% completed.
     43% completed.
     43% completed.
     43% completed.
     43% completed.
     43% completed.
     43% completed.
     43% completed.
     43% completed.
     43% completed.
     43% completed.
     43% completed.
     43% completed.
     43% completed.
     43% completed.
     43% completed.
     43% completed.
     43% completed.
     43% completed.
     43% completed.
     43% completed.
     43% completed.
     43% completed.
     43% completed.
     43% completed.
     43% completed.
     43% completed.
     43% completed.
     43% completed.
     43% completed.
     43% completed.
     43% completed.
     43% completed.
     43% completed.
     43% completed.
     43% completed.
     43% completed.
     43% completed.
     43% completed.
     43% completed.
     43% completed.
     43% completed.
     43% completed.
     43% completed.
     43% completed.
     43% completed.
     43% completed.
     43% completed.
     43% completed.
     43% completed.
     43% completed.
     43% completed.
     43% completed.
     43% completed.
     43% completed.
     43% completed.
     43% completed.
     43% completed.
     43% completed.
     43% completed.
     43% completed.
     43% completed.
     43% completed.
     43% completed.
     43% completed.
     43% completed.
     43% completed.
     43% completed.
     43% completed.
     43% completed.
     43% completed.
     43% completed.
     43% completed.
     43% completed.
     43% completed.
     43% completed.
     43% completed.
     43% completed.
     43% completed.
     43% completed.
     43% completed.
     43% completed.
     43% completed.
     43% completed.
     43% completed.
     43% completed.
     43% completed.
     43% completed.
     43% completed.
     43% completed.
     43% completed.
     43% completed.
     43% completed.
     43% completed.
     43% completed.
     43% completed.
     43% completed.
     43% completed.
     43% completed.
     43% completed.
     43% completed.
     43% completed.
     43% completed.
     43% completed.
     43% completed.
     43% completed.
     43% completed.
     43% completed.
     43% completed.
     43% completed.
     43% completed.
     43% completed.
     43% completed.
     43% completed.
     43% completed.
     43% completed.
     43% completed.
     43% completed.
     43% completed.
     43% completed.
     43% completed.
     43% completed.
     43% completed.
     43% completed.
     43% completed.
     43% completed.
     43% completed.
     43% completed.
     43% completed.
     43% completed.
     43% completed.
     43% completed.
     43% completed.
     43% completed.
     43% completed.
     43% completed.
     43% completed.
     43% completed.
     43% completed.
     43% completed.
     43% completed.
     43% completed.
     43% completed.
     43% completed.
     43% completed.
     43% completed.
     43% completed.
     43% completed.
     43% completed.
     43% completed.
     43% completed.
     43% completed.
     43% completed.
     43% completed.
     43% completed.
     43% completed.
     43% completed.
     43% completed.
     43% completed.
     43% completed.
     43% completed.
     43% completed.
     43% completed.
     43% completed.
     43% completed.
     43% completed.
     43% completed.
     43% completed.
     43% completed.
     43% completed.
     43% completed.
     43% completed.
     43% completed.
     43% completed.
     43% completed.
     43% completed.
     43% completed.
     43% completed.
     43% completed.
     43% completed.
     43% completed.
     43% completed.
     43% completed.
     43% completed.
     43% completed.
     43% completed.
     43% completed.
     43% completed.
     43% completed.
     43% completed.
     43% completed.
     43% completed.
     43% completed.
     43% completed.
     43% completed.
     43% completed.
     43% completed.
     43% completed.
     43% completed.
     43% completed.
     43% completed.
     43% completed.
     43% completed.
     43% completed.
     43% completed.
     43% completed.
     43% completed.
     43% completed.
     43% completed.
     43% completed.
     43% completed.
     43% completed.
     43% completed.
     43% completed.
     43% completed.
     43% completed.
     43% completed.
     43% completed.
     43% completed.
     43% completed.
     43% completed.
     43% completed.
     43% completed.
     43% completed.
     43% completed.
     43% completed.
     43% completed.
     43% completed.
     43% completed.
     43% completed.
     43% completed.
     43% completed.
     43% completed.
     43% completed.
     43% completed.
     43% completed.
     43% completed.
     43% completed.
     43% completed.
     43% completed.
     43% completed.
     43% completed.
     43% completed.
     43% completed.
     43% completed.
     43% completed.
     43% completed.
     43% completed.
     43% completed.
     43% completed.
     43% completed.
     43% completed.
     43% completed.
     43% completed.
     43% completed.
     43% completed.
     43% completed.
     43% completed.
     43% completed.
     43% completed.
     43% completed.
     43% completed.
     43% completed.
     43% completed.
     43% completed.
     43% completed.
     43% completed.
     43% completed.
     43% completed.
     43% completed.
     43% completed.
     43% completed.
     43% completed.
     43% completed.
     43% completed.
     43% completed.
     43% completed.
     43% completed.
     43% completed.
     43% completed.
     43% completed.
     43% completed.
     43% completed.
     43% completed.
     43% completed.
     43% completed.
     43% completed.
     43% completed.
     43% completed.
     43% completed.
     43% completed.
     43% completed.
     43% completed.
     43% completed.
     43% completed.
     43% completed.
     43% completed.
     43% completed.
     43% completed.
     43% completed.
     43% completed.
     43% completed.
     43% completed.
     43% completed.
     43% completed.
     43% completed.
     43% completed.
     43% completed.
     43% completed.
     43% completed.
     43% completed.
     43% completed.
     43% completed.
     43% completed.
     43% completed.
     43% completed.
     43% completed.
     43% completed.
     43% completed.
     43% completed.
     43% completed.
     43% completed.
     43% completed.
     43% completed.
     43% completed.
     43% completed.
     43% completed.
     43% completed.
     43% completed.
     43% completed.
     43% completed.
     43% completed.
     43% completed.
     43% completed.
     43% completed.
     43% completed.
     43% completed.
     43% completed.
     43% completed.
     43% completed.
     43% completed.
     43% completed.
     43% completed.
     43% completed.
     43% completed.
     43% completed.
     43% completed.
     43% completed.
     43% completed.
     43% completed.
     43% completed.
     43% completed.
     43% completed.
     43% completed.
     43% completed.
     43% completed.
     43% completed.
     43% completed.
     43% completed.
     43% completed.
     43% completed.
     43% completed.
     43% completed.
     43% completed.
     43% completed.
     43% completed.
     43% completed.
     43% completed.
     43% completed.
     43% completed.
     43% completed.
     43% completed.
     43% completed.
     43% completed.
     43% completed.
     43% completed.
     43% completed.
     43% completed.
     43% completed.
     43% completed.
     43% completed.
     43% completed.
     43% completed.
     43% completed.
     43% completed.
     43% completed.
     43% completed.
     43% completed.
     43% completed.
     43% completed.
     43% completed.
     43% completed.
     43% completed.
     43% completed.
     43% completed.
     43% completed.
     43% completed.
     43% completed.
     43% completed.
     43% completed.
     43% completed.
     43% completed.
     43% completed.
     43% completed.
     43% completed.
     43% completed.
     43% completed.
     43% completed.
     43% completed.
     43% completed.
     43% completed.
     43% completed.
     43% completed.
     43% completed.
     43% completed.
     43% completed.
     43% completed.
     43% completed.
     43% completed.
     43% completed.
     43% completed.
     43% completed.
     43% completed.
     43% completed.
     43% completed.
     43% completed.
     43% completed.
     43% completed.
     43% completed.
     43% completed.
     43% completed.
     43% completed.
     43% completed.
     43% completed.
     43% completed.
     43% completed.
     43% completed.
     43% completed.
     43% completed.
     43% completed.
     43% completed.
     43% completed.
     43% completed.
     43% completed.
     43% completed.
     43% completed.
     43% completed.
     43% completed.
     43% completed.
     43% completed.
     43% completed.
     43% completed.
     43% completed.
     43% completed.
     43% completed.
     43% completed.
     43% completed.
     43% completed.
     43% completed.
     43% completed.
     43% completed.
     43% completed.
     43% completed.
     43% completed.
     43% completed.
     43% completed.
     43% completed.
     43% completed.
     43% completed.
     43% completed.
     43% completed.
     43% completed.
     43% completed.
     43% completed.
     43% completed.
     43% completed.
     43% completed.
     43% completed.
     43% completed.
     43% completed.
     43% completed.
     43% completed.
     43% completed.
     43% completed.
     43% completed.
     43% completed.
     43% completed.
     43% completed.
     43% completed.
     43% completed.
     43% completed.
     43% completed.
     43% completed.
     43% completed.
     43% completed.
     43% completed.
     43% completed.
     43% completed.
     43% completed.
     43% completed.
     43% completed.
     43% completed.
     43% completed.
     43% completed.
     43% completed.
     43% completed.
     43% completed.
     43% completed.
     43% completed.
     43% completed.
     43% completed.
     43% completed.
     43% completed.
     43% completed.
     43% completed.
     43% completed.
     43% completed.
     43% completed.
     43% completed.
     43% completed.
     43% completed.
     43% completed.
     43% completed.
     43% completed.
     43% completed.
     43% completed.
     43% completed.
     43% completed.
     43% completed.
     43% completed.
     43% completed.
     43% completed.
     43% completed.
     43% completed.
     43% completed.
     43% completed.
     43% completed.
     43% completed.
     43% completed.
     43% completed.
     43% completed.
     43% completed.
     43% completed.
     43% completed.
     43% completed.
     43% completed.
     43% completed.
     43% completed.
     43% completed.
     43% completed.
     43% completed.
     43% completed.
     43% completed.
     43% completed.
     43% completed.
     43% completed.
     43% completed.
     43% completed.
     43% completed.
     43% completed.
     43% completed.
     43% completed.
     43% completed.
     43% completed.
     43% completed.
     43% completed.
     43% completed.
     43% completed.
     43% completed.
     43% completed.
     43% completed.
     43% completed.
     43% completed.
     43% completed.
     43% completed.
     43% completed.
     43% completed.
     43% completed.
     43% completed.
     43% completed.
     43% completed.
     43% completed.
     43% completed.
     43% completed.
     43% completed.
     43% completed.
     43% completed.
     43% completed.
     43% completed.
     43% completed.
     43% completed.
     43% completed.
     43% completed.
     43% completed.
     43% completed.
     43% completed.
     43% completed.
     43% completed.
     43% completed.
     43% completed.
     43% completed.
     43% completed.
     43% completed.
     43% completed.
     43% completed.
     43% completed.
     43% completed.
     43% completed.
     43% completed.
     43% completed.
     43% completed.
     43% completed.
     43% completed.
     43% completed.
     43% completed.
     43% completed.
     43% completed.
     43% completed.
     43% completed.
     43% completed.
     43% completed.
     43% completed.
     43% completed.
     43% completed.
     43% completed.
     43% completed.
     43% completed.
     43% completed.
     43% completed.
     43% completed.
     43% completed.
     43% completed.
     43% completed.
     43% completed.
     43% completed.
     43% completed.
     43% completed.
     43% completed.
     43% completed.
     43% completed.
     43% completed.
     43% completed.
     43% completed.
     43% completed.
     43% completed.
     43% completed.
     43% completed.
     43% completed.
     43% completed.
     43% completed.
     43% completed.
     43% completed.
     43% completed.
     43% completed.
     43% completed.
     43% completed.
     43% completed.
     43% completed.
     43% completed.
     43% completed.
     43% completed.
     43% completed.
     43% completed.
     43% completed.
     43% completed.
     43% completed.
     43% completed.
     43% completed.
     43% completed.
     43% completed.
     43% completed.
     43% completed.
     43% completed.
     43% completed.
     43% completed.
     43% completed.
     43% completed.
     43% completed.
     43% completed.
     43% completed.
     43% completed.
     43% completed.
     43% completed.
     43% completed.
     43% completed.
     43% completed.
     43% completed.
     43% completed.
     43% completed.
     43% completed.
     43% completed.
     43% completed.
     43% completed.
     43% completed.
     43% completed.
     43% completed.
     43% completed.
     43% completed.
     43% completed.
     43% completed.
     43% completed.
     43% completed.
     43% completed.
     43% completed.
     43% completed.
     43% completed.
     43% completed.
     43% completed.
     43% completed.
     43% completed.
     43% completed.
     43% completed.
     43% completed.
     43% completed.
     43% completed.
     43% completed.
     43% completed.
     43% completed.
     43% completed.
     43% completed.
     43% completed.
     43% completed.
     43% completed.
     43% completed.
     43% completed.
     43% completed.
     43% completed.
     43% completed.
     43% completed.
     43% completed.
     43% completed.
     43% completed.
     43% completed.
     43% completed.
     43% completed.
     43% completed.
     43% completed.
     43% completed.
     43% completed.
     43% completed.
     43% completed.
     43% completed.
     43% completed.
     43% completed.
     43% completed.
     43% completed.
     43% completed.
     43% completed.
     43% completed.
     43% completed.
     43% completed.
     43% completed.
     43% completed.
     43% completed.
     43% completed.
     43% completed.
     43% completed.
     43% completed.
     43% completed.
     43% completed.
     43% completed.
     43% completed.
     43% completed.
     43% completed.
     43% completed.
     43% completed.
     43% completed.
     43% completed.
     43% completed.
     43% completed.
     43% completed.
     43% completed.
     43% completed.
     43% completed.
     43% completed.
     43% completed.
     43% completed.
     43% completed.
     43% completed.
     43% completed.
     43% completed.
     43% completed.
     43% completed.
     43% completed.
     43% completed.
     43% completed.
     43% completed.
     43% completed.
     43% completed.
     43% completed.
     43% completed.
     43% completed.
     43% completed.
     43% completed.
     43% completed.
     43% completed.
     43% completed.
     43% completed.
     43% completed.
     43% completed.
     43% completed.
     43% completed.
     43% completed.
     43% completed.
     43% completed.
     43% completed.
     43% completed.
     43% completed.
     43% completed.
     43% completed.
     43% completed.
     43% completed.
     43% completed.
     43% completed.
     43% completed.
     43% completed.
     43% completed.
     43% completed.
     43% completed.
     43% completed.
     43% completed.
     43% completed.
     43% completed.
     43% completed.
     43% completed.
     43% completed.
     43% completed.
     43% completed.
     43% completed.
     43% completed.
     43% completed.
     43% completed.
     43% completed.
     43% completed.
     43% completed.
     43% completed.
     43% completed.
     43% completed.
     43% completed.
     43% completed.
     43% completed.
     43% completed.
     43% completed.
     43% completed.
     43% completed.
     43% completed.
     43% completed.
     43% completed.
     43% completed.
     43% completed.
     43% completed.
     43% completed.
     43% completed.
     43% completed.
     43% completed.
     43% completed.
     43% completed.
     43% completed.
     43% completed.
     43% completed.
     43% completed.
     43% completed.
     43% completed.
     43% completed.
     43% completed.
     43% completed.
     43% completed.
     43% completed.
     43% completed.
     43% completed.
     43% completed.
     43% completed.
     43% completed.
     43% completed.
     43% completed.
     43% completed.
     43% completed.
     43% completed.
     43% completed.
     43% completed.
     43% completed.
     43% completed.
     43% completed.
     43% completed.
     43% completed.
     43% completed.
     43% completed.
     43% completed.
     43% completed.
     43% completed.
     43% completed.
     43% completed.
     43% completed.
     43% completed.
     43% completed.
     43% completed.
     43% completed.
     43% completed.
     43% completed.
     43% completed.
     43% completed.
     43% completed.
     43% completed.
     43% completed.
     43% completed.
     43% completed.
     43% completed.
     43% completed.
     43% completed.
     43% completed.
     43% completed.
     43% completed.
     43% completed.
     43% completed.
     43% completed.
     43% completed.
     43% completed.
     43% completed.
     43% completed.
     43% completed.
     43% completed.
     43% completed.
     43% completed.
     43% completed.
     43% completed.
     43% completed.
     43% completed.
     43% completed.
     43% completed.
     43% completed.
     43% completed.
     43% completed.
     43% completed.
     43% completed.
     43% completed.
     43% completed.
     43% completed.
     43% completed.
     43% completed.
     43% completed.
     43% completed.
     43% completed.
     43% completed.
     43% completed.
     43% completed.
     43% completed.
     43% completed.
     43% completed.
     43% completed.
     43% completed.
     43% completed.
     43% completed.
     43% completed.
     43% completed.
     43% completed.
     43% completed.
     43% completed.
     43% completed.
     43% completed.
     43% completed.
     43% completed.
     43% completed.
     43% completed.
     43% completed.
     43% completed.
     43% completed.
     43% completed.
     43% completed.
     43% completed.
     43% completed.
     43% completed.
     43% completed.
     43% completed.
     43% completed.
     43% completed.
     43% completed.
     43% completed.
     43% completed.
     43% completed.
     43% completed.
     43% completed.
     43% completed.
     43% completed.
     43% completed.
     43% completed.
     43% completed.
     43% completed.
     43% completed.
     43% completed.
     43% completed.
     43% completed.
     43% completed.
     43% completed.
     43% completed.
     43% completed.
     43% completed.
     43% completed.
     43% completed.
     43% completed.
     43% completed.
     43% completed.
     43% completed.
     43% completed.
     43% completed.
     43% completed.
     43% completed.
     43% completed.
     43% completed.
     43% completed.
     43% completed.
     43% completed.
     43% completed.
     43% completed.
     43% completed.
     43% completed.
     43% completed.
     43% completed.
     43% completed.
     43% completed.
     43% completed.
     43% completed.
     43% completed.
     43% completed.
     43% completed.
     43% completed.
     43% completed.
     43% completed.
     43% completed.
     43% completed.
     43% completed.
     43% completed.
     43% completed.
     43% completed.
     43% completed.
     43% completed.
     43% completed.
     43% completed.
     43% completed.
     43% completed.
     43% completed.
     43% completed.
     43% completed.
     43% completed.
     43% completed.
     43% completed.
     43% completed.
     43% completed.
     43% completed.
     43% completed.
     43% completed.
     43% completed.
     43% completed.
     43% completed.
     43% completed.
     43% completed.
     43% completed.
     43% completed.
     43% completed.
     43% completed.
     43% completed.
     43% completed.
     43% completed.
     43% completed.
     43% completed.
     43% completed.
     43% completed.
     43% completed.
     43% completed.
     43% completed.
     43% completed.
     43% completed.
     43% completed.
     43% completed.
     43% completed.
     43% completed.
     43% completed.
     43% completed.
     43% completed.
     43% completed.
     43% completed.
     43% completed.
     43% completed.
     43% completed.
     43% completed.
     43% completed.
     43% completed.
     43% completed.
     43% completed.
     43% completed.
     43% completed.
     43% completed.
     43% completed.
     43% completed.
     43% completed.
     43% completed.
     43% completed.
     43% completed.
     43% completed.
     43% completed.
     43% completed.
     43% completed.
     43% completed.
     43% completed.
     43% completed.
     43% completed.
     43% completed.
     43% completed.
     43% completed.
     43% completed.
     43% completed.
     43% completed.
     43% completed.
     43% completed.
     43% completed.
     43% completed.
     43% completed.
     43% completed.
     43% completed.
     43% completed.
     43% completed.
     43% completed.
     43% completed.
     43% completed.
     43% completed.
     43% completed.
     43% completed.
     43% completed.
     43% completed.
     43% completed.
     43% completed.
     43% completed.
     43% completed.
     43% completed.
     43% completed.
     43% completed.
     43% completed.
     43% completed.
     43% completed.
     43% completed.
     43% completed.
     43% completed.
     43% completed.
     43% completed.
     43% completed.
     43% completed.
     43% completed.
     43% completed.
     43% completed.
     43% completed.
     43% completed.
     43% completed.
     43% completed.
     43% completed.
     43% completed.
     43% completed.
     43% completed.
     43% completed.
     43% completed.
     43% completed.
     43% completed.
     43% completed.
     43% completed.
     43% completed.
     43% completed.
     43% completed.
     43% completed.
     43% completed.
     43% completed.
     43% completed.
     43% completed.
     43% completed.
     43% completed.
     43% completed.
     43% completed.
     43% completed.
     43% completed.
     43% completed.
     43% completed.
     43% completed.
     43% completed.
     43% completed.
     43% completed.
     43% completed.
     43% completed.
     43% completed.
     43% completed.
     43% completed.
     43% completed.
     43% completed.
     43% completed.
     43% completed.
     43% completed.
     43% completed.
     43% completed.
     43% completed.
     43% completed.
     43% completed.
     43% completed.
     43% completed.
     43% completed.
     43% completed.
     43% completed.
     43% completed.
     43% completed.
     43% completed.
     43% completed.
     43% completed.
     43% completed.
     43% completed.
     43% completed.
     43% completed.
     43% completed.
     43% completed.
     43% completed.
     43% completed.
     43% completed.
     43% completed.
     43% completed.
     43% completed.
     43% completed.
     43% completed.
     43% completed.
     43% completed.
     43% completed.
     43% completed.
     43% completed.
     43% completed.
     43% completed.
     43% completed.
     43% completed.
     43% completed.
     43% completed.
     43% completed.
     43% completed.
     43% completed.
     43% completed.
     43% completed.
     43% completed.
     43% completed.
     43% completed.
     43% completed.
     43% completed.
     43% completed.
     43% completed.
     43% completed.
     43% completed.
     43% completed.
     43% completed.
     43% completed.
     43% completed.
     43% completed.
     43% completed.
     43% completed.
     43% completed.
     43% completed.
     43% completed.
     43% completed.
     43% completed.
     43% completed.
     43% completed.
     43% completed.
     43% completed.
     43% completed.
     43% completed.
     43% completed.
     43% completed.
     43% completed.
     43% completed.
     43% completed.
     43% completed.
     43% completed.
     43% completed.
     43% completed.
     43% completed.
     43% completed.
     43% completed.
     43% completed.
     43% completed.
     43% completed.
     43% completed.
     43% completed.
     43% completed.
     43% completed.
     43% completed.
     43% completed.
     43% completed.
     43% completed.
     43% completed.
     43% completed.
     43% completed.
     43% completed.
     43% completed.
     43% completed.
     43% completed.
     43% completed.
     43% completed.
     43% completed.
     43% completed.
     43% completed.
     43% completed.
     43% completed.
     43% completed.
     43% completed.
     43% completed.
     43% completed.
     43% completed.
     43% completed.
     43% completed.
     43% completed.
     43% completed.
     43% completed.
     43% completed.
     43% completed.
     43% completed.
     43% completed.
     43% completed.
     43% completed.
     43% completed.
     43% completed.
     43% completed.
     43% completed.
     43% completed.
     43% completed.
     43% completed.
     43% completed.
     43% completed.
     43% completed.
     43% completed.
     43% completed.
     43% completed.
     43% completed.
     43% completed.
     43% completed.
     43% completed.
     43% completed.
     43% completed.
     43% completed.
     43% completed.
     43% completed.
     43% completed.
     43% completed.
     43% completed.
     43% completed.
     43% completed.
     43% completed.
     43% completed.
     43% completed.
     43% completed.
     43% completed.
     43% completed.
     43% completed.
     43% completed.
     43% completed.
     43% completed.
     43% completed.
     43% completed.
     43% completed.
     43% completed.
     43% completed.
     43% completed.
     43% completed.
     43% completed.
     43% completed.
     43% completed.
     43% completed.
     43% completed.
     43% completed.
     43% completed.
     43% completed.
     43% completed.
     43% completed.
     43% completed.
     43% completed.
     43% completed.
     43% completed.
     43% completed.
     43% completed.
     43% completed.
     43% completed.
     43% completed.
     43% completed.
     43% completed.
     43% completed.
     43% completed.
     43% completed.
     43% completed.
     43% completed.
     43% completed.
     43% completed.
     43% completed.
     43% completed.
     43% completed.
     43% completed.
     43% completed.
     43% completed.
     43% completed.
     43% completed.
     43% completed.
     43% completed.
     43% completed.
     43% completed.
     43% completed.
     43% completed.
     43% completed.
     43% completed.
     43% completed.
     43% completed.
     43% completed.
     43% completed.
     43% completed.
     43% completed.
     43% completed.
     43% completed.
     43% completed.
     43% completed.
     43% completed.
     43% completed.
     43% completed.
     43% completed.
     43% completed.
     43% completed.
     43% completed.
     43% completed.
     43% completed.
     43% completed.
     43% completed.
     43% completed.
     43% completed.
     43% completed.
     43% completed.
     43% completed.
     43% completed.
     43% completed.
     43% completed.
     43% completed.
     43% completed.
     43% completed.
     43% completed.
     43% completed.
     43% completed.
     43% completed.
     43% completed.
     43% completed.
     43% completed.
     43% completed.
     43% completed.
     43% completed.
     43% completed.
     43% completed.
     43% completed.
     43% completed.
     43% completed.
     43% completed.
     43% completed.
     43% completed.
     43% completed.
     43% completed.
     43% completed.
     43% completed.
     43% completed.
     43% completed.
     43% completed.
     43% completed.
     43% completed.
     43% completed.
     43% completed.
     43% completed.
     43% completed.
     43% completed.
     43% completed.
     43% completed.
     43% completed.
     43% completed.
     43% completed.
     43% completed.
     43% completed.
     43% completed.
     43% completed.
     43% completed.
     43% completed.
     43% completed.
     43% completed.
     43% completed.
     43% completed.
     43% completed.
     43% completed.
     43% completed.
     43% completed.
     43% completed.
     43% completed.
     43% completed.
     43% completed.
     43% completed.
     43% completed.
     43% completed.
     43% completed.
     43% completed.
     43% completed.
     43% completed.
     43% completed.
     43% completed.
     43% completed.
     43% completed.
     43% completed.
     43% completed.
     43% completed.
     43% completed.
     43% completed.
     43% completed.
     43% completed.
     43% completed.
     43% completed.
     43% completed.
     43% completed.
     43% completed.
     43% completed.
     43% completed.
     43% completed.
     43% completed.
     43% completed.
     43% completed.
     43% completed.
     43% completed.
     43% completed.
     43% completed.
     43% completed.
     43% completed.
     43% completed.
     43% completed.
     43% completed.
     43% completed.
     43% completed.
     43% completed.
     43% completed.
     43% completed.
     43% completed.
     43% completed.
     43% completed.
     43% completed.
     43% completed.
     43% completed.
     43% completed.
     43% completed.
     43% completed.
     43% completed.
     43% completed.
     43% completed.
     43% completed.
     43% completed.
     43% completed.
     43% completed.
     43% completed.
     43% completed.
     43% completed.
     43% completed.
     43% completed.
     43% completed.
     43% completed.
     43% completed.
     43% completed.
     43% completed.
     43% completed.
     43% completed.
     43% completed.
     43% completed.
     43% completed.
     43% completed.
     43% completed.
     43% completed.
     43% completed.
     43% completed.
     43% completed.
     43% completed.
     43% completed.
     43% completed.
     43% completed.
     43% completed.
     43% completed.
     43% completed.
     43% completed.
     43% completed.
     43% completed.
     43% completed.
     43% completed.
     43% completed.
     43% completed.
     43% completed.
     43% completed.
     43% completed.
     43% completed.
     43% completed.
     43% completed.
     43% completed.
     43% completed.
     43% completed.
     43% completed.
     43% completed.
     43% completed.
     43% completed.
     43% completed.
     43% completed.
     43% completed.
     43% completed.
     43% completed.
     43% completed.
     43% completed.
     43% completed.
     43% completed.
     43% completed.
     43% completed.
     43% completed.
     43% completed.
     43% completed.
     43% completed.
     43% completed.
     43% completed.
     43% completed.
     43% completed.
     43% completed.
     43% completed.
     43% completed.
     43% completed.
     43% completed.
     43% completed.
     43% completed.
     43% completed.
     43% completed.
     43% completed.
     43% completed.
     43% completed.
     43% completed.
     43% completed.
     43% completed.
     43% completed.
     43% completed.
     43% completed.
     43% completed.
     43% completed.
     43% completed.
     43% completed.
     43% completed.
     43% completed.
     43% completed.
     43% completed.
     43% completed.
     43% completed.
     43% completed.
     43% completed.
     43% completed.
     43% completed.
     43% completed.
     43% completed.
     43% completed.
     43% completed.
     43% completed.
     43% completed.
     43% completed.
     43% completed.
     43% completed.
     43% completed.
     43% completed.
     43% completed.
     43% completed.
     43% completed.
     43% completed.
     43% completed.
     43% completed.
     43% completed.
     43% completed.
     43% completed.
     43% completed.
     43% completed.
     43% completed.
     43% completed.
     43% completed.
     43% completed.
     43% completed.
     43% completed.
     43% completed.
     43% completed.
     43% completed.
     43% completed.
     43% completed.
     43% completed.
     43% completed.
     43% completed.
     43% completed.
     43% completed.
     43% completed.
     43% completed.
     43% completed.
     43% completed.
     43% completed.
     43% completed.
     43% completed.
     43% completed.
     43% completed.
     43% completed.
     43% completed.
     43% completed.
     43% completed.
     43% completed.
     43% completed.
     43% completed.
     43% completed.
     43% completed.
     43% completed.
     43% completed.
     43% completed.
     43% completed.
     43% completed.
     43% completed.
     43% completed.
     43% completed.
     43% completed.
     43% completed.
     43% completed.
     43% completed.
     43% completed.
     43% completed.
     43% completed.
     43% completed.
     43% completed.
     43% completed.
     43% completed.
     43% completed.
     43% completed.
     43% completed.
     43% completed.
     43% completed.
     43% completed.
     43% completed.
     43% completed.
     43% completed.
     43% completed.
     43% completed.
     43% completed.
     43% completed.
     43% completed.
     43% completed.
     43% completed.
     43% completed.
     43% completed.
     43% completed.
     43% completed.
     43% completed.
     43% completed.
     43% completed.
     43% completed.
     43% completed.
     43% completed.
     43% completed.
     43% completed.
     43% completed.
     43% completed.
     43% completed.
     43% completed.
     43% completed.
     43% completed.
     43% completed.
     43% completed.
     43% completed.
     43% completed.
     43% completed.
     43% completed.
     43% completed.
     43% completed.
     43% completed.
     43% completed.
     43% completed.
     43% completed.
     43% completed.
     43% completed.
     43% completed.
     43% completed.
     43% completed.
     43% completed.
     43% completed.
     43% completed.
     43% completed.
     43% completed.
     43% completed.
     43% completed.
     43% completed.
     43% completed.
     43% completed.
     43% completed.
     43% completed.
     43% completed.
     43% completed.
     43% completed.
     43% completed.
     43% completed.
     43% completed.
     43% completed.
     43% completed.
     43% completed.
     43% completed.
     43% completed.
     43% completed.
     43% completed.
     43% completed.
     43% completed.
     43% completed.
     43% completed.
     43% completed.
     43% completed.
     43% completed.
     43% completed.
     43% completed.
     43% completed.
     43% completed.
     43% completed.
     43% completed.
     43% completed.
     43% completed.
     43% completed.
     43% completed.
     43% completed.
     43% completed.
     43% completed.
     43% completed.
     43% completed.
     43% completed.
     43% completed.
     43% completed.
     43% completed.
     43% completed.
     43% completed.
     43% completed.
     43% completed.
     43% completed.
     43% completed.
     43% completed.
     43% completed.
     43% completed.
     43% completed.
     43% completed.
     43% completed.
     43% completed.
     43% completed.
     43% completed.
     43% completed.
     43% completed.
     43% completed.
     43% completed.
     43% completed.
     43% completed.
     43% completed.
     43% completed.
     43% completed.
     43% completed.
     43% completed.
     43% completed.
     43% completed.
     43% completed.
     43% completed.
     43% completed.
     43% completed.
     43% completed.
     43% completed.
     43% completed.
     43% completed.
     43% completed.
     43% completed.
     43% completed.
     43% completed.
     43% completed.
     43% completed.
     43% completed.
     43% completed.
     43% completed.
     43% completed.
     43% completed.
     43% completed.
     43% completed.
     43% completed.
     43% completed.
     43% completed.
     43% completed.
     43% completed.
     43% completed.
     43% completed.
     43% completed.
     43% completed.
     43% completed.
     43% completed.
     43% completed.
     43% completed.
     43% completed.
     43% completed.
     43% completed.
     43% completed.
     43% completed.
     43% completed.
     43% completed.
     43% completed.
     43% completed.
     43% completed.
     43% completed.
     43% completed.
     43% completed.
     43% completed.
     43% completed.
     43% completed.
     43% completed.
     43% completed.
     43% completed.
     43% completed.
     43% completed.
     43% completed.
     43% completed.
     43% completed.
     43% completed.
     43% completed.
     43% completed.
     43% completed.
     43% completed.
     43% completed.
     43% completed.
     43% completed.
     43% completed.
     43% completed.
     43% completed.
     43% completed.
     43% completed.
     43% completed.
     43% completed.
     43% completed.
     43% completed.
     43% completed.
     43% completed.
     43% completed.
     43% completed.
     43% completed.
     43% completed.
     43% completed.
     43% completed.
     43% completed.
     43% completed.
     43% completed.
     43% completed.
     43% completed.
     43% completed.
     43% completed.
     43% completed.
     43% completed.
     43% completed.
     43% completed.
     43% completed.
     43% completed.
     43% completed.
     43% completed.
     43% completed.
     43% completed.
     43% completed.
     43% completed.
     43% completed.
     43% completed.
     43% completed.
     43% completed.
     43% completed.
     43% completed.
     43% completed.
     43% completed.
     43% completed.
     43% completed.
     43% completed.
     43% completed.
     43% completed.
     43% completed.
     43% completed.
     43% completed.
     43% completed.
     43% completed.
     43% completed.
     43% completed.
     43% completed.
     43% completed.
     43% completed.
     43% completed.
     43% completed.
     43% completed.
     43% completed.
     43% completed.
     43% completed.
     43% completed.
     43% completed.
     43% completed.
     43% completed.
     43% completed.
     43% completed.
     43% completed.
     43% completed.
     43% completed.
     43% completed.
     43% completed.
     43% completed.
     43% completed.
     43% completed.
     43% completed.
     43% completed.
     43% completed.
     43% completed.
     43% completed.
     43% completed.
     43% completed.
     43% completed.
     43% completed.
     43% completed.
     43% completed.
     43% completed.
     43% completed.
     43% completed.
     43% completed.
     43% completed.
     43% completed.
     43% completed.
     43% completed.
     43% completed.
     43% completed.
     43% completed.
     43% completed.
     43% completed.
     43% completed.
     43% completed.
     43% completed.
     43% completed.
     43% completed.
     43% completed.
     43% completed.
     43% completed.
     43% completed.
     43% completed.
     43% completed.
     43% completed.
     43% completed.
     43% completed.
     43% completed.
     43% completed.
     43% completed.
     43% completed.
     43% completed.
     43% completed.
     43% completed.
     43% completed.
     43% completed.
     43% completed.
     43% completed.
     43% completed.
     43% completed.
     43% completed.
     43% completed.
     43% completed.
     43% completed.
     43% completed.
     43% completed.
     43% completed.
     43% completed.
     43% completed.
     43% completed.
     43% completed.
     43% completed.
     43% completed.
     43% completed.
     43% completed.
     43% completed.
     43% completed.
     43% completed.
     43% completed.
     43% completed.
     43% completed.
     43% completed.
     43% completed.
     43% completed.
     43% completed.
     43% completed.
     43% completed.
     43% completed.
     43% completed.
     43% completed.
     43% completed.
     43% completed.
     43% completed.
     43% completed.
     43% completed.
     43% completed.
     43% completed.
     43% completed.
     43% completed.
     43% completed.
     43% completed.
     43% completed.
     43% completed.
     43% completed.
     43% completed.
     43% completed.
     43% completed.
     43% completed.
     43% completed.
     43% completed.
     43% completed.
     43% completed.
     43% completed.
     43% completed.
     43% completed.
     43% completed.
     43% completed.
     43% completed.
     43% completed.
     43% completed.
     43% completed.
     43% completed.
     43% completed.
     43% completed.
     43% completed.
     43% completed.
     43% completed.
     43% completed.
     43% completed.
     43% completed.
     43% completed.
     43% completed.
     43% completed.
     43% completed.
     43% completed.
     43% completed.
     43% completed.
     43% completed.
     43% completed.
     43% completed.
     43% completed.
     43% completed.
     43% completed.
     43% completed.
     43% completed.
     43% completed.
     43% completed.
     43% completed.
     43% completed.
     43% completed.
     43% completed.
     43% completed.
     43% completed.
     43% completed.
     43% completed.
     43% completed.
     43% completed.
     43% completed.
     43% completed.
     43% completed.
     43% completed.
     43% completed.
     43% completed.
     43% completed.
     43% completed.
     43% completed.
     43% completed.
     43% completed.
     43% completed.
     43% completed.
     43% completed.
     43% completed.
     43% completed.
     43% completed.
     43% completed.
     43% completed.
     43% completed.
     43% completed.
     43% completed.
     43% completed.
     43% completed.
     43% completed.
     43% completed.
     43% completed.
     43% completed.
     43% completed.
     43% completed.
     43% completed.
     43% completed.
     43% completed.
     43% completed.
     43% completed.
     43% completed.
     43% completed.
     43% completed.
     43% completed.
     43% completed.
     43% completed.
     43% completed.
     43% completed.
     43% completed.
     43% completed.
     43% completed.
     43% completed.
     43% completed.
     43% completed.
     43% completed.
     43% completed.
     43% completed.
     43% completed.
     43% completed.
     43% completed.
     43% completed.
     43% completed.
     43% completed.
     43% completed.
     43% completed.
     43% completed.
     43% completed.
     43% completed.
     43% completed.
     43% completed.
     43% completed.
     43% completed.
     43% completed.
     43% completed.
     43% completed.
     43% completed.
     43% completed.
     43% completed.
     43% completed.
     43% completed.
     43% completed.
     43% completed.
     43% completed.
     43% completed.
     43% completed.
     43% completed.
     43% completed.
     43% completed.
     43% completed.
     43% completed.
     43% completed.
     43% completed.
     43% completed.
     43% completed.
     43% completed.
     43% completed.
     43% completed.
     43% completed.
     43% completed.
     43% completed.
     43% completed.
     43% completed.
     43% completed.
     43% completed.
     43% completed.
     43% completed.
     43% completed.
     43% completed.
     43% completed.
     43% completed.
     43% completed.
     43% completed.
     43% completed.
     43% completed.
     43% completed.
     43% completed.
     43% completed.
     43% completed.
     43% completed.
     43% completed.
     43% completed.
     43% completed.
     43% completed.
     43% completed.
     43% completed.
     43% completed.
     43% completed.
     43% completed.
     43% completed.
     43% completed.
     43% completed.
     43% completed.
     43% completed.
     43% completed.
     43% completed.
     43% completed.
     43% completed.
     43% completed.
     43% completed.
     43% completed.
     43% completed.
     43% completed.
     43% completed.
     43% completed.
     43% completed.
     43% completed.
     43% completed.
     43% completed.
     43% completed.
     43% completed.
     43% completed.
     43% completed.
     43% completed.
     43% completed.
     43% completed.
     43% completed.
     43% completed.
     43% completed.
     43% completed.
     43% completed.
     43% completed.
     43% completed.
     43% completed.
     43% completed.
     43% completed.
     43% completed.
     43% completed.
     43% completed.
     43% completed.
     43% completed.
     43% completed.
     43% completed.
     43% completed.
     43% completed.
     43% completed.
     43% completed.
     43% completed.
     43% completed.
     43% completed.
     43% completed.
     43% completed.
     43% completed.
     43% completed.
     43% completed.
     43% completed.
     43% completed.
     43% completed.
     43% completed.
     43% completed.
     43% completed.
     43% completed.
     43% completed.
     43% completed.
     43% completed.
     43% completed.
     43% completed.
     43% completed.
     43% completed.
     43% completed.
     43% completed.
     43% completed.
     43% completed.
     43% completed.
     43% completed.
     43% completed.
     43% completed.
     43% completed.
     43% completed.
     43% completed.
     43% completed.
     43% completed.
     43% completed.
     43% completed.
     43% completed.
     43% completed.
     43% completed.
     43% completed.
     43% completed.
     43% completed.
     43% completed.
     43% completed.
     43% completed.
     43% completed.
     43% completed.
     43% completed.
     43% completed.
     43% completed.
     43% completed.
     43% completed.
     43% completed.
     43% completed.
     43% completed.
     43% completed.
     43% completed.
     43% completed.
     43% completed.
     43% completed.
     43% completed.
     43% completed.
     43% completed.
     43% completed.
     43% completed.
     43% completed.
     43% completed.
     43% completed.
     43% completed.
     43% completed.
     43% completed.
     43% completed.
     43% completed.
     43% completed.
     43% completed.
     43% completed.
     43% completed.
     43% completed.
     43% completed.
     43% completed.
     43% completed.
     43% completed.
     43% completed.
     43% completed.
     43% completed.
     43% completed.
     43% completed.
     43% completed.
     43% completed.
     43% completed.
     43% completed.
     43% completed.
     43% completed.
     43% completed.
     43% completed.
     43% completed.
     43% completed.
     43% completed.
     43% completed.
     43% completed.
     43% completed.
     43% completed.
     43% completed.
     43% completed.
     43% completed.
     43% completed.
     43% completed.
     43% completed.
     43% completed.
     43% completed.
     43% completed.
     43% completed.
     43% completed.
     43% completed.
     43% completed.
     43% completed.
     43% completed.
     43% completed.
     43% completed.
     43% completed.
     43% completed.
     43% completed.
     43% completed.
     43% completed.
     43% completed.
     43% completed.
     43% completed.
     43% completed.
     43% completed.
     43% completed.
     43% completed.
     43% completed.
     43% completed.
     43% completed.
     43% completed.
     43% completed.
     43% completed.
     43% completed.
     43% completed.
     43% completed.
     43% completed.
     43% completed.
     43% completed.
     43% completed.
     43% completed.
     43% completed.
     43% completed.
     43% completed.
     43% completed.
     43% completed.
     43% completed.
     43% completed.
     43% completed.
     43% completed.
     43% completed.
     43% completed.
     43% completed.
     43% completed.
     43% completed.
     43% completed.
     43% completed.
     43% completed.
     43% completed.
     43% completed.
     43% completed.
     43% completed.
     43% completed.
     43% completed.
     43% completed.
     43% completed.
     43% completed.
     43% completed.
     43% completed.
     43% completed.
     43% completed.
     43% completed.
     43% completed.
     43% completed.
     43% completed.
     43% completed.
     43% completed.
     43% completed.
     43% completed.
     43% completed.
     43% completed.
     43% completed.
     43% completed.
     43% completed.
     43% completed.
     43% completed.
     43% completed.
     43% completed.
     43% completed.
     43% completed.
     43% completed.
     43% completed.
     43% completed.
     43% completed.
     43% completed.
     43% completed.
     43% completed.
     43% completed.
     43% completed.
     43% completed.
     43% completed.
     43% completed.
     43% completed.
     43% completed.
     43% completed.
     43% completed.
     43% completed.
     43% completed.
     43% completed.
     43% completed.
     43% completed.
     43% completed.
     43% completed.
     43% completed.
     43% completed.
     43% completed.
     43% completed.
     43% completed.
     43% completed.
     43% completed.
     43% completed.
     43% completed.
     43% completed.
     43% completed.
     43% completed.
     43% completed.
     43% completed.
     43% completed.
     43% completed.
     43% completed.
     43% completed.
     43% completed.
     43% completed.
     43% completed.
     43% completed.
     43% completed.
     43% completed.
     43% completed.
     43% completed.
     43% completed.
     43% completed.
     43% completed.
     43% completed.
     43% completed.
     43% completed.
     43% completed.
     43% completed.
     43% completed.
     43% completed.
     43% completed.
     43% completed.
     43% completed.
     43% completed.
     43% completed.
     43% completed.
     43% completed.
     43% completed.
     43% completed.
     43% completed.
     43% completed.
     43% completed.
     43% completed.
     43% completed.
     43% completed.
     43% completed.
     43% completed.
     43% completed.
     43% completed.
     43% completed.
     43% completed.
     43% completed.
     43% completed.
     43% completed.
     43% completed.
     43% completed.
     43% completed.
     43% completed.
     43% completed.
     43% completed.
     43% completed.
     43% completed.
     43% completed.
     43% completed.
     43% completed.
     43% completed.
     43% completed.
     43% completed.
     43% completed.
     43% completed.
     43% completed.
     43% completed.
     43% completed.
     43% completed.
     43% completed.
     43% completed.
     43% completed.
     43% completed.
     43% completed.
     43% completed.
     43% completed.
     43% completed.
     43% completed.
     43% completed.
     43% completed.
     43% completed.
     43% completed.
     43% completed.
     43% completed.
     43% completed.
     43% completed.
     43% completed.
     43% completed.
     43% completed.
     43% completed.
     43% completed.
     43% completed.
     43% completed.
     43% completed.
     43% completed.
     43% completed.
     43% completed.
     43% completed.
     43% completed.
     43% completed.
     43% completed.
     43% completed.
     43% completed.
     43% completed.
     43% completed.
     43% completed.
     43% completed.
     43% completed.
     43% completed.
     43% completed.
     43% completed.
     43% completed.
     43% completed.
     43% completed.
     43% completed.
     43% completed.
     43% completed.
     43% completed.
     43% completed.
     43% completed.
     43% completed.
     43% completed.
     43% completed.
     43% completed.
     43% completed.
     43% completed.
     43% completed.
     43% completed.
     43% completed.
     43% completed.
     43% completed.
     43% completed.
     43% completed.
     43% completed.
     43% completed.
     43% completed.
     43% completed.
     43% completed.
     43% completed.
     43% completed.
     43% completed.
     43% completed.
     43% completed.
     43% completed.
     43% completed.
     43% completed.
     43% completed.
     43% completed.
     43% completed.
     43% completed.
     43% completed.
     43% completed.
     43% completed.
     43% completed.
     43% completed.
     43% completed.
     43% completed.
     43% completed.
     43% completed.
     43% completed.
     43% completed.
     43% completed.
     43% completed.
     43% completed.
     43% completed.
     43% completed.
     43% completed.
     43% completed.
     43% completed.
     43% completed.
     43% completed.
     43% completed.
     43% completed.
     43% completed.
     43% completed.
     43% completed.
     43% completed.
     43% completed.
     43% completed.
     43% completed.
     43% completed.
     43% completed.
     43% completed.
     43% completed.
     43% completed.
     43% completed.
     43% completed.
     43% completed.
     43% completed.
     43% completed.
     43% completed.
     43% completed.
     43% completed.
     43% completed.
     43% completed.
     43% completed.
     43% completed.
     43% completed.
     43% completed.
     43% completed.
     43% completed.
     43% completed.
     43% completed.
     43% completed.
     43% completed.
     43% completed.
     43% completed.
     43% completed.
     43% completed.
     43% completed.
     43% completed.
     43% completed.
     43% completed.
     43% completed.
     43% completed.
     43% completed.
     43% completed.
     43% completed.
     43% completed.
     43% completed.
     43% completed.
     43% completed.
     43% completed.
     43% completed.
     43% completed.
     43% completed.
     43% completed.
     43% completed.
     43% completed.
     43% completed.
     43% completed.
     43% completed.
     43% completed.
     43% completed.
     43% completed.
     43% completed.
     43% completed.
     43% completed.
     43% completed.
     43% completed.
     43% completed.
     43% completed.
     43% completed.
     43% completed.
     43% completed.
     43% completed.
     43% completed.
     43% completed.
     43% completed.
     43% completed.
     43% completed.
     43% completed.
     43% completed.
     43% completed.
     43% completed.
     43% completed.
     43% completed.
     43% completed.
     43% completed.
     43% completed.
     43% completed.
     43% completed.
     43% completed.
     43% completed.
     43% completed.
     43% completed.
     43% completed.
     43% completed.
     43% completed.
     43% completed.
     43% completed.
     43% completed.
     43% completed.
     43% completed.
     43% completed.
     43% completed.
     43% completed.
     43% completed.
     43% completed.
     43% completed.
     43% completed.
     43% completed.
     43% completed.
     43% completed.
     43% completed.
     43% completed.
     43% completed.
     43% completed.
     43% completed.
     43% completed.
     43% completed.
     43% completed.
     43% completed.
     43% completed.
     43% completed.
     43% completed.
     43% completed.
     43% completed.
     43% completed.
     43% completed.
     43% completed.
     43% completed.
     43% completed.
     43% completed.
     43% completed.
     43% completed.
     43% completed.
     43% completed.
     43% completed.
     43% completed.
     43% completed.
     43% completed.
     43% completed.
     43% completed.
     43% completed.
     43% completed.
     43% completed.
     43% completed.
     43% completed.
     43% completed.
     43% completed.
     43% completed.
     43% completed.
     43% completed.
     43% completed.
     43% completed.
     43% completed.
     43% completed.
     43% completed.
     43% completed.
     43% completed.
     43% completed.
     43% completed.
     43% completed.
     43% completed.
     43% completed.
     43% completed.
     43% completed.
     43% completed.
     43% completed.
     43% completed.
     43% completed.
     43% completed.
     43% completed.
     43% completed.
     43% completed.
     43% completed.
     43% completed.
     43% completed.
     43% completed.
     43% completed.
     43% completed.
     43% completed.
     43% completed.
     43% completed.
     43% completed.
     43% completed.
     43% completed.
     43% completed.
     43% completed.
     43% completed.
     43% completed.
     43% completed.
     43% completed.
     43% completed.
     43% completed.
     43% completed.
     43% completed.
     43% completed.
     43% completed.
     43% completed.
     43% completed.
     43% completed.
     43% completed.
     43% completed.
     43% completed.
     43% completed.
     43% completed.
     43% completed.
     43% completed.
     43% completed.
     43% completed.
     43% completed.
     43% completed.
     43% completed.
     43% completed.
     43% completed.
     43% completed.
     43% completed.
     43% completed.
     43% completed.
     43% completed.
     43% completed.
     43% completed.
     43% completed.
     43% completed.
     43% completed.
     43% completed.
     43% completed.
     43% completed.
     43% completed.
     43% completed.
     43% completed.
     43% completed.
     43% completed.
     43% completed.
     43% completed.
     43% completed.
     43% completed.
     43% completed.
     43% completed.
     43% completed.
     43% completed.
     43% completed.
     43% completed.
     43% completed.
     43% completed.
     43% completed.
     43% completed.
     43% completed.
     43% completed.
     43% completed.
     43% completed.
     43% completed.
     43% completed.
     43% completed.
     43% completed.
     43% completed.
     43% completed.
     43% completed.
     43% completed.
     43% completed.
     43% completed.
     43% completed.
     43% completed.
     43% completed.
     43% completed.
     43% completed.
     43% completed.
     43% completed.
     43% completed.
     43% completed.
     43% completed.
     43% completed.
     43% completed.
     43% completed.
     43% completed.
     43% completed.
     43% completed.
     43% completed.
     43% completed.
     43% completed.
     43% completed.
     43% completed.
     43% completed.
     43% completed.
     43% completed.
     43% completed.
     43% completed.
     43% completed.
     43% completed.
     43% completed.
     43% completed.
     43% completed.
     43% completed.
     43% completed.
     43% completed.
     43% completed.
     43% completed.
     43% completed.
     43% completed.
     43% completed.
     43% completed.
     43% completed.
     43% completed.
     43% completed.
     43% completed.
     43% completed.
     43% completed.
     43% completed.
     43% completed.
     43% completed.
     43% completed.
     43% completed.
     43% completed.
     43% completed.
     43% completed.
     43% completed.
     43% completed.
     43% completed.
     43% completed.
     43% completed.
     43% completed.
     43% completed.
     43% completed.
     43% completed.
     43% completed.
     43% completed.
     43% completed.
     43% completed.
     43% completed.
     43% completed.
     43% completed.
     43% completed.
     43% completed.
     43% completed.
     43% completed.
     43% completed.
     43% completed.
     43% completed.
     43% completed.
     43% completed.
     43% completed.
     43% completed.
     43% completed.
     43% completed.
     43% completed.
     43% completed.
     43% completed.
     43% completed.
     43% completed.
     43% completed.
     43% completed.
     43% completed.
     43% completed.
     43% completed.
     43% completed.
     43% completed.
     43% completed.
     43% completed.
     43% completed.
     43% completed.
     43% completed.
     43% completed.
     43% completed.
     43% completed.
     43% completed.
     43% completed.
     43% completed.
     43% completed.
     43% completed.
     43% completed.
     43% completed.
     43% completed.
     43% completed.
     43% completed.
     43% completed.
     43% completed.
     43% completed.
Flavor: r-patched-solaris-x86