CRAN Package Check Results for Package NetworkChange

Last updated on 2019-08-23 05:46:59 CEST.

Flavor Version Tinstall Tcheck Ttotal Status Flags
r-devel-linux-x86_64-debian-clang 0.5 20.88 132.21 153.09 OK
r-devel-linux-x86_64-debian-gcc 0.5 17.71 101.30 119.01 OK
r-devel-linux-x86_64-fedora-clang 0.5 174.73 NOTE
r-devel-linux-x86_64-fedora-gcc 0.5 173.49 NOTE
r-devel-windows-ix86+x86_64 0.5 58.00 209.00 267.00 OK
r-patched-linux-x86_64 0.5 18.63 126.14 144.77 OK
r-patched-solaris-x86 0.5 286.30 NOTE
r-release-linux-x86_64 0.5 17.46 125.46 142.92 OK
r-release-windows-ix86+x86_64 0.5 55.00 201.00 256.00 OK
r-release-osx-x86_64 0.5 NOTE
r-oldrel-windows-ix86+x86_64 0.5 43.00 211.00 254.00 OK
r-oldrel-osx-x86_64 0.5 NOTE

Check Details

Version: 0.5
Check: dependencies in R code
Result: NOTE
    Namespace in Imports field not imported from: ‘sna’
     All declared Imports should be used.
Flavors: r-devel-linux-x86_64-fedora-clang, r-devel-linux-x86_64-fedora-gcc, r-patched-solaris-x86, r-release-osx-x86_64, r-oldrel-osx-x86_64