CRAN Package Check Results for Package NetworkExtinction

Last updated on 2024-06-25 07:06:27 CEST.

Flavor Version Tinstall Tcheck Ttotal Status Flags
r-devel-linux-x86_64-debian-clang 1.0.3 7.18 104.15 111.33 NOTE
r-devel-linux-x86_64-debian-gcc 1.0.3 6.56 77.11 83.67 NOTE
r-devel-linux-x86_64-fedora-clang 1.0.3 143.01 NOTE
r-devel-linux-x86_64-fedora-gcc 1.0.3 144.37 NOTE
r-devel-windows-x86_64 1.0.3 7.00 92.00 99.00 NOTE
r-patched-linux-x86_64 1.0.3 5.05 97.34 102.39 NOTE
r-release-linux-x86_64 1.0.3 5.16 98.58 103.74 NOTE
r-release-macos-arm64 1.0.3 58.00 NOTE
r-release-macos-x86_64 1.0.3 76.00 NOTE
r-release-windows-x86_64 1.0.3 9.00 93.00 102.00 NOTE
r-oldrel-macos-arm64 1.0.3 53.00 OK
r-oldrel-macos-x86_64 1.0.3 66.00 OK
r-oldrel-windows-x86_64 1.0.3 12.00 108.00 120.00 OK

Check Details

Version: 1.0.3
Check: Rd files
Result: NOTE checkRd: (-1) ExtinctionOrder.Rd:35: Lost braces 35 | \item{RewiringDist}{a numeric matrix of NxN dimension (N... number of nodes in Network). Contains, for example, phylogenetic or functional trait distances between nodes in Network which are used by the Rewiring argument to calculate rewiring probabilities. If Rewiring == function(x){x}, this matrix is expected to contain probabilities of a connection being present between species-pairs.} | ^ checkRd: (-1) RandomExtinctions.Rd:52: Lost braces 52 | \item{RewiringDist}{a numeric matrix of NxN dimension (N... number of nodes in Network). Contains, for example, phylogenetic or functional trait distances between nodes in Network which are used by the Rewiring argument to calculate rewiring probabilities. If Rewiring == function(x){x}, this matrix is expected to contain probabilities of a connection being present between species-pairs.} | ^ checkRd: (-1) RandomExtinctions.Rd:71-72: Lost braces 71 | primary removals. For example, if a network has five species {A,B, | ^ checkRd: (-1) RandomExtinctions.Rd:72: Lost braces; missing escapes or markup? 72 | ,D,E} and a pre-defined "random" order of removal {C,A,B,E,D} with | ^ checkRd: (-1) RandomExtinctions.Rd:77: Lost braces; missing escapes or markup? 77 | vector, i.e., {C,A,B}." | ^ checkRd: (-1) SimulateExtinctions.Rd:38: Lost braces 38 | \item{RewiringDist}{a numeric matrix of NxN dimension (N... number of nodes in Network). Contains, for example, phylogenetic or functional trait distances between nodes in Network which are used by the Rewiring argument to calculate rewiring probabilities. If Rewiring == function(x){x}, this matrix is expected to contain probabilities of a connection being present between species-pairs.} | ^ Flavors: r-devel-linux-x86_64-debian-clang, r-devel-linux-x86_64-debian-gcc, r-devel-linux-x86_64-fedora-clang, r-devel-linux-x86_64-fedora-gcc, r-devel-windows-x86_64, r-patched-linux-x86_64, r-release-linux-x86_64, r-release-macos-arm64, r-release-macos-x86_64, r-release-windows-x86_64