Last updated on 2023-12-11 05:52:00 CET.
Flavor | Version | Tinstall | Tcheck | Ttotal | Status | Flags |
---|---|---|---|---|---|---|
r-devel-linux-x86_64-debian-clang | 1.2.4 | 56.20 | 113.11 | 169.31 | NOTE | |
r-devel-linux-x86_64-debian-gcc | 1.2.4 | 42.45 | 84.07 | 126.52 | NOTE | |
r-devel-linux-x86_64-fedora-clang | 1.2.4 | 241.76 | NOTE | |||
r-devel-linux-x86_64-fedora-gcc | 1.2.4 | 235.58 | NOTE | |||
r-devel-windows-x86_64 | 1.2.4 | 51.00 | 120.00 | 171.00 | NOTE | |
r-patched-linux-x86_64 | 1.2.4 | 48.25 | 105.85 | 154.10 | NOTE | |
r-release-linux-x86_64 | 1.2.4 | 36.43 | 106.67 | 143.10 | NOTE | |
r-release-macos-arm64 | 1.2.4 | 72.00 | NOTE | |||
r-release-macos-x86_64 | 1.2.4 | 113.00 | NOTE | |||
r-release-windows-x86_64 | 1.2.4 | 65.00 | 141.00 | 206.00 | NOTE | |
r-oldrel-macos-arm64 | 1.2.4 | 60.00 | OK | |||
r-oldrel-macos-x86_64 | 1.2.4 | 90.00 | OK | |||
r-oldrel-windows-x86_64 | 1.2.4 | 62.00 | 136.00 | 198.00 | OK |
Version: 1.2.4
Check: C++ specification
Result: NOTE
Specified C++11: please drop specification unless essential
Flavors: r-devel-linux-x86_64-debian-clang, r-devel-linux-x86_64-debian-gcc, r-devel-linux-x86_64-fedora-clang, r-devel-linux-x86_64-fedora-gcc, r-devel-windows-x86_64, r-patched-linux-x86_64, r-release-linux-x86_64, r-release-macos-arm64, r-release-macos-x86_64, r-release-windows-x86_64