CRAN Package Check Results for Package NicheBarcoding

Last updated on 2022-08-12 05:52:53 CEST.

Flavor Version Tinstall Tcheck Ttotal Status Flags
r-devel-linux-x86_64-debian-clang 1.0 5.85 440.91 446.76 OK
r-devel-linux-x86_64-debian-gcc 1.0 4.12 302.80 306.92 OK
r-devel-linux-x86_64-fedora-clang 1.0 498.11 NOTE
r-devel-linux-x86_64-fedora-gcc 1.0 528.53 NOTE
r-devel-windows-x86_64 1.0 25.00 414.00 439.00 OK
r-patched-linux-x86_64 1.0 5.90 392.23 398.13 OK
r-release-linux-x86_64 1.0 5.66 410.01 415.67 OK
r-release-macos-arm64 1.0 154.00 NOTE
r-release-macos-x86_64 1.0 193.00 NOTE
r-release-windows-x86_64 1.0 34.00 408.00 442.00 OK
r-oldrel-macos-arm64 1.0 144.00 NOTE
r-oldrel-macos-x86_64 1.0 201.00 NOTE
r-oldrel-windows-ix86+x86_64 1.0 11.00 504.00 515.00 OK

Check Details

Version: 1.0
Check: dependencies in R code
Result: NOTE
    Namespace in Imports field not imported from: ‘rJava’
     All declared Imports should be used.
Flavors: r-devel-linux-x86_64-fedora-clang, r-devel-linux-x86_64-fedora-gcc, r-release-macos-arm64, r-release-macos-x86_64, r-oldrel-macos-arm64, r-oldrel-macos-x86_64