CRAN Package Check Results for Package NipponMap

Last updated on 2021-11-27 05:49:44 CET.

Flavor Version Tinstall Tcheck Ttotal Status Flags
r-devel-linux-x86_64-debian-clang 0.2 NOTE
r-devel-linux-x86_64-debian-gcc 0.2 4.38 41.08 45.46 NOTE
r-devel-linux-x86_64-fedora-clang 0.2 84.74 NOTE
r-devel-linux-x86_64-fedora-gcc 0.2 69.41 NOTE
r-devel-windows-x86_64-new-UL 0.2 12.00 96.00 108.00 NOTE
r-devel-windows-x86_64-new-TK 0.2 NOTE
r-devel-windows-x86_64-old 0.2 8.00 70.00 78.00 OK
r-patched-linux-x86_64 0.2 4.99 49.79 54.78 NOTE
r-patched-solaris-x86 0.2 113.80 NOTE
r-release-linux-x86_64 0.2 NOTE
r-release-macos-arm64 0.2 NOTE
r-release-macos-x86_64 0.2 NOTE
r-release-windows-ix86+x86_64 0.2 14.00 51.00 65.00 OK
r-oldrel-macos-x86_64 0.2 OK
r-oldrel-windows-ix86+x86_64 0.2 13.00 68.00 81.00 OK

Check Details

Version: 0.2
Check: package dependencies
Result: NOTE
    Package which this enhances but not available for checking: 'jpndistrict'
Flavors: r-devel-linux-x86_64-debian-clang, r-devel-linux-x86_64-debian-gcc, r-devel-linux-x86_64-fedora-clang, r-devel-linux-x86_64-fedora-gcc, r-devel-windows-x86_64-new-UL, r-devel-windows-x86_64-new-TK, r-patched-linux-x86_64, r-patched-solaris-x86, r-release-linux-x86_64, r-release-macos-arm64, r-release-macos-x86_64

Version: 0.2
Check: Rd cross-references
Result: NOTE
    Undeclared packages ‘cshapes’, ‘mapdata’ in Rd xrefs
Flavor: r-devel-linux-x86_64-fedora-clang