CRAN Package Check Results for Package ODEnetwork

Last updated on 2022-12-09 05:54:13 CET.

Flavor Version Tinstall Tcheck Ttotal Status Flags
r-devel-linux-x86_64-debian-clang 1.3.2 2.77 37.71 40.48 NOTE
r-devel-linux-x86_64-debian-gcc 1.3.2 2.60 31.83 34.43 NOTE
r-devel-linux-x86_64-fedora-clang 1.3.2 61.82 NOTE
r-devel-linux-x86_64-fedora-gcc 1.3.2 69.80 NOTE
r-devel-windows-x86_64 1.3.2 27.00 81.00 108.00 NOTE
r-patched-linux-x86_64 1.3.2 6.45 35.20 41.65 NOTE
r-release-linux-x86_64 1.3.2 2.73 35.23 37.96 NOTE
r-release-macos-arm64 1.3.2 22.00 NOTE
r-release-macos-x86_64 1.3.2 27.00 NOTE
r-release-windows-x86_64 1.3.2 25.00 71.00 96.00 NOTE
r-oldrel-macos-arm64 1.3.2 23.00 NOTE
r-oldrel-macos-x86_64 1.3.2 35.00 NOTE
r-oldrel-windows-ix86+x86_64 1.3.2 7.00 62.00 69.00 NOTE

Check Details

Version: 1.3.2
Check: LazyData
Result: NOTE
     'LazyData' is specified without a 'data' directory
Flavors: r-devel-linux-x86_64-debian-clang, r-devel-linux-x86_64-debian-gcc, r-devel-linux-x86_64-fedora-clang, r-devel-linux-x86_64-fedora-gcc, r-devel-windows-x86_64, r-patched-linux-x86_64, r-release-linux-x86_64, r-release-macos-arm64, r-release-macos-x86_64, r-release-windows-x86_64, r-oldrel-macos-arm64, r-oldrel-macos-x86_64, r-oldrel-windows-ix86+x86_64