CRAN Package Check Results for Package OceanView

Last updated on 2019-11-17 05:47:17 CET.

Flavor Version Tinstall Tcheck Ttotal Status Flags
r-devel-linux-x86_64-debian-clang 1.0.4 9.24 90.85 100.09 OK
r-devel-linux-x86_64-debian-gcc 1.0.4 6.56 69.00 75.56 OK
r-devel-linux-x86_64-fedora-clang 1.0.4 127.57 NOTE
r-devel-linux-x86_64-fedora-gcc 1.0.4 123.84 NOTE
r-devel-windows-ix86+x86_64 1.0.4 39.00 163.00 202.00 OK
r-patched-linux-x86_64 1.0.4 9.57 86.93 96.50 OK
r-patched-solaris-x86 1.0.4 153.30 OK
r-release-linux-x86_64 1.0.4 8.04 87.70 95.74 OK
r-release-windows-ix86+x86_64 1.0.4 20.00 203.00 223.00 OK
r-release-osx-x86_64 1.0.4 WARN
r-oldrel-windows-ix86+x86_64 1.0.4 14.00 221.00 235.00 OK
r-oldrel-osx-x86_64 1.0.4 OK

Check Details

Version: 1.0.4
Check: compiled code
Result: NOTE
    File ‘OceanView/libs/OceanView.so’:
     Found no calls to: ‘R_registerRoutines’, ‘R_useDynamicSymbols’
    
    It is good practice to register native routines and to disable symbol
    search.
    
    See ‘Writing portable packages’ in the ‘Writing R Extensions’ manual.
Flavors: r-devel-linux-x86_64-fedora-clang, r-devel-linux-x86_64-fedora-gcc

Version: 1.0.4
Check: whether package can be installed
Result: WARN
    Found the following significant warnings:
     Warning: 'rgl_init' failed, running with rgl.useNULL = TRUE
Flavor: r-release-osx-x86_64