CRAN Package Check Results for Package OceanView

Last updated on 2020-06-05 05:48:53 CEST.

Flavor Version Tinstall Tcheck Ttotal Status Flags
r-devel-linux-x86_64-debian-clang 1.0.5 10.83 100.17 111.00 OK
r-devel-linux-x86_64-debian-gcc 1.0.5 8.38 76.97 85.35 OK
r-devel-linux-x86_64-fedora-clang 1.0.5 144.30 OK
r-devel-linux-x86_64-fedora-gcc 1.0.5 135.10 OK
r-devel-windows-ix86+x86_64 1.0.5 32.00 163.00 195.00 OK
r-patched-linux-x86_64 1.0.5 9.92 98.77 108.69 OK
r-patched-solaris-x86 1.0.5 164.00 OK
r-release-linux-x86_64 1.0.5 9.06 99.25 108.31 OK
r-release-osx-x86_64 1.0.5 OK
r-release-windows-ix86+x86_64 1.0.5 23.00 167.00 190.00 OK
r-oldrel-osx-x86_64 1.0.5 WARN
r-oldrel-windows-ix86+x86_64 1.0.5 29.00 148.00 177.00 OK

Check Details

Version: 1.0.5
Check: whether package can be installed
Result: WARN
    Found the following significant warnings:
     Warning: 'rgl_init' failed, running with rgl.useNULL = TRUE
Flavor: r-oldrel-osx-x86_64

Version: 1.0.5
Check: dependencies in R code
Result: NOTE
    No protocol specified
Flavor: r-oldrel-osx-x86_64

Version: 1.0.5
Check: S3 generic/method consistency
Result: WARN
    No protocol specified
    See section ‘Generic functions and methods’ in the ‘Writing R
    Extensions’ manual.
Flavor: r-oldrel-osx-x86_64

Version: 1.0.5
Check: replacement functions
Result: WARN
    No protocol specified
    The argument of a replacement function which corresponds to the right
    hand side must be named ‘value’.
Flavor: r-oldrel-osx-x86_64

Version: 1.0.5
Check: foreign function calls
Result: NOTE
    No protocol specified
    See chapter ‘System and foreign language interfaces’ in the ‘Writing R
    Extensions’ manual.
Flavor: r-oldrel-osx-x86_64

Version: 1.0.5
Check: R code for possible problems
Result: NOTE
    No protocol specified
Flavor: r-oldrel-osx-x86_64

Version: 1.0.5
Check: for missing documentation entries
Result: WARN
    No protocol specified
    All user-level objects in a package should have documentation entries.
    See chapter ‘Writing R documentation files’ in the ‘Writing R
    Extensions’ manual.
Flavor: r-oldrel-osx-x86_64

Version: 1.0.5
Check: for code/documentation mismatches
Result: WARN
    No protocol specified
    No protocol specified
    No protocol specified
Flavor: r-oldrel-osx-x86_64

Version: 1.0.5
Check: Rd \usage sections
Result: NOTE
    No protocol specified
    The \usage entries for S3 methods should use the \method markup and not
    their full name.
    See chapter ‘Writing R documentation files’ in the ‘Writing R
    Extensions’ manual.
Flavor: r-oldrel-osx-x86_64