CRAN Package Check Results for Package OncoBayes2

Last updated on 2022-01-28 05:49:04 CET.

Flavor Version Tinstall Tcheck Ttotal Status Flags
r-devel-linux-x86_64-debian-clang 0.8-2 170.60 261.92 432.52 NOTE
r-devel-linux-x86_64-debian-gcc 0.8-2 133.09 226.32 359.41 NOTE
r-devel-linux-x86_64-fedora-clang 0.8-2 569.61 NOTE
r-devel-linux-x86_64-fedora-gcc 0.8-2 555.33 NOTE
r-devel-windows-x86_64-new-UL 0.8-2 236.00 371.00 607.00 NOTE
r-devel-windows-x86_64-new-TK 0.8-2 NOTE
r-patched-linux-x86_64 0.8-2 156.86 251.97 408.83 NOTE
r-release-linux-x86_64 0.8-2 149.71 252.36 402.07 NOTE
r-release-macos-arm64 0.8-2 NOTE
r-release-macos-x86_64 0.8-2 NOTE
r-release-windows-ix86+x86_64 0.8-2 217.00 10.00 227.00 ERROR
r-oldrel-macos-x86_64 0.8-2 NOTE
r-oldrel-windows-ix86+x86_64 0.8-2 217.00 10.00 227.00 ERROR

Check Details

Version: 0.8-2
Check: for GNU extensions in Makefiles
Result: NOTE
    GNU make is a SystemRequirements.
Flavors: r-devel-linux-x86_64-debian-clang, r-devel-linux-x86_64-debian-gcc, r-devel-linux-x86_64-fedora-clang, r-devel-linux-x86_64-fedora-gcc, r-devel-windows-x86_64-new-UL, r-devel-windows-x86_64-new-TK, r-patched-linux-x86_64, r-release-linux-x86_64, r-release-macos-arm64, r-release-macos-x86_64, r-oldrel-macos-x86_64

Version: 0.8-2
Check: installed package size
Result: NOTE
     installed size is 35.3Mb
     sub-directories of 1Mb or more:
     libs 34.1Mb
Flavors: r-devel-linux-x86_64-fedora-clang, r-release-macos-arm64, r-release-macos-x86_64, r-oldrel-macos-x86_64

Version: 0.8-2
Check: line endings in C/C++/Fortran sources/headers
Result: NOTE
    Found the following sources/headers with CR or CRLF line endings:
     src/RcppExports.cpp
     src/stanExports_blrm_exnex.h
    Some Unix compilers require LF line endings.
Flavor: r-devel-windows-x86_64-new-TK

Version: 0.8-2
Check: whether package can be installed
Result: ERROR
    Installation failed.
Flavors: r-release-windows-ix86+x86_64, r-oldrel-windows-ix86+x86_64