CRAN Package Check Results for Package OpenCL

Last updated on 2020-02-27 05:48:54 CET.

Flavor Version Tinstall Tcheck Ttotal Status Flags
r-devel-linux-x86_64-debian-clang 0.1-3.1 0.68 2.20 2.88 ERROR --no-examples --no-tests --no-vignettes
r-devel-linux-x86_64-debian-gcc 0.1-3.1 0.41 1.69 2.10 ERROR --no-examples --no-tests --no-vignettes
r-devel-windows-ix86+x86_64 0.1-3.1 3.00 3.00 6.00 ERROR
r-devel-windows-ix86+x86_64-gcc8 0.1-3.1 1.00 3.00 4.00 ERROR
r-patched-linux-x86_64 0.1-3.1 2.37 15.71 18.08 NOTE --no-examples --no-tests --no-vignettes
r-release-linux-x86_64 0.1-3.1 2.18 15.29 17.47 NOTE --no-examples --no-tests --no-vignettes
r-release-osx-x86_64 0.1-3.1 ERROR
r-oldrel-windows-ix86+x86_64 0.1-3 1.00 3.00 4.00 ERROR
r-oldrel-osx-x86_64 0.1-3.1 ERROR

Check Details

Version: 0.1-3.1
Flags: --no-examples --no-tests --no-vignettes
Check: whether package can be installed
Result: ERROR
    Installation failed.
Flavors: r-devel-linux-x86_64-debian-clang, r-devel-linux-x86_64-debian-gcc

Version: 0.1-3.1
Check: whether package can be installed
Result: ERROR
    Installation failed.
Flavors: r-devel-windows-ix86+x86_64, r-devel-windows-ix86+x86_64-gcc8, r-release-osx-x86_64, r-oldrel-osx-x86_64

Version: 0.1-3.1
Flags: --no-examples --no-tests --no-vignettes
Check: DESCRIPTION meta-information
Result: NOTE
    Deprecated license: BSD
Flavors: r-patched-linux-x86_64, r-release-linux-x86_64

Version: 0.1-3.1
Flags: --no-examples --no-tests --no-vignettes
Check: top-level files
Result: NOTE
    File
     LICENSE
    is not mentioned in the DESCRIPTION file.
Flavors: r-patched-linux-x86_64, r-release-linux-x86_64

Version: 0.1-3
Check: whether package can be installed
Result: ERROR
    Installation failed.
Flavor: r-oldrel-windows-ix86+x86_64