CRAN Package Check Results for Package OriGen

Last updated on 2019-12-07 05:47:41 CET.

Flavor Version Tinstall Tcheck Ttotal Status Flags
r-devel-linux-x86_64-debian-clang 1.4.3 10.90 44.90 55.80 NOTE
r-devel-linux-x86_64-debian-gcc 1.4.3 9.41 35.39 44.80 NOTE
r-devel-linux-x86_64-fedora-clang 1.4.3 64.81 NOTE
r-devel-linux-x86_64-fedora-gcc 1.4.3 64.80 NOTE
r-devel-windows-ix86+x86_64 1.4.3 30.00 74.00 104.00 WARN
r-devel-windows-ix86+x86_64-gcc8 1.4.3 27.00 74.00 101.00 WARN
r-patched-linux-x86_64 1.4.3 9.73 40.28 50.01 NOTE
r-patched-solaris-x86 1.4.3 89.80 NOTE
r-release-linux-x86_64 1.4.3 10.69 39.64 50.33 NOTE
r-release-windows-ix86+x86_64 1.4.3 26.00 78.00 104.00 WARN
r-release-osx-x86_64 1.4.3 NOTE
r-oldrel-windows-ix86+x86_64 1.4.3 22.00 79.00 101.00 WARN
r-oldrel-osx-x86_64 1.4.3 NOTE

Check Details

Version: 1.4.3
Check: compiled code
Result: NOTE
    File 'OriGen/libs/OriGen.so':
     Found '_gfortran_st_close', possibly from 'close' (Fortran)
     Object: 'OriGen.o'
     Found '_gfortran_st_open', possibly from 'open' (Fortran)
     Object: 'OriGen.o'
     Found '_gfortran_st_read', possibly from 'read' (Fortran)
     Object: 'OriGen.o'
     Found '_gfortran_st_rewind', possibly from 'rewind' (Fortran)
     Object: 'OriGen.o'
    
    Compiled code should not call entry points which might terminate R nor
    write to stdout/stderr instead of to the console, nor use Fortran I/O
    nor system RNGs.
    
    See 'Writing portable packages' in the 'Writing R Extensions' manual.
Flavors: r-devel-linux-x86_64-debian-clang, r-devel-linux-x86_64-debian-gcc, r-patched-linux-x86_64, r-release-linux-x86_64

Version: 1.4.3
Check: compiled code
Result: NOTE
    File ‘OriGen/libs/OriGen.so’:
     Found ‘_gfortran_st_close’, possibly from ‘close’ (Fortran)
     Object: ‘OriGen.o’
     Found ‘_gfortran_st_open’, possibly from ‘open’ (Fortran)
     Object: ‘OriGen.o’
     Found ‘_gfortran_st_read’, possibly from ‘read’ (Fortran)
     Object: ‘OriGen.o’
     Found ‘_gfortran_st_rewind’, possibly from ‘rewind’ (Fortran)
     Object: ‘OriGen.o’
    File ‘OriGen/libs/OriGen.so’:
     Found no calls to: ‘R_registerRoutines’, ‘R_useDynamicSymbols’
    
    Compiled code should not call entry points which might terminate R nor
    write to stdout/stderr instead of to the console, nor use Fortran I/O
    nor system RNGs.
    It is good practice to register native routines and to disable symbol
    search.
    
    See ‘Writing portable packages’ in the ‘Writing R Extensions’ manual.
Flavors: r-devel-linux-x86_64-fedora-clang, r-devel-linux-x86_64-fedora-gcc

Version: 1.4.3
Check: compiled code
Result: WARN
    File 'OriGen/libs/i386/OriGen.dll':
     Found '_gfortran_st_close', possibly from 'close' (Fortran)
     Object: 'OriGen.o'
     Found '_gfortran_st_open', possibly from 'open' (Fortran)
     Object: 'OriGen.o'
    File 'OriGen/libs/x64/OriGen.dll':
     Found '_gfortran_st_close', possibly from 'close' (Fortran)
     Object: 'OriGen.o'
     Found '_gfortran_st_open', possibly from 'open' (Fortran)
     Object: 'OriGen.o'
    
    Compiled code should not call entry points which might terminate R nor
    write to stdout/stderr instead of to the console, nor use Fortran I/O
    nor system RNGs.
    
    See 'Writing portable packages' in the 'Writing R Extensions' manual.
Flavors: r-devel-windows-ix86+x86_64, r-devel-windows-ix86+x86_64-gcc8, r-release-windows-ix86+x86_64, r-oldrel-windows-ix86+x86_64

Version: 1.4.3
Check: compiled code
Result: NOTE
    File ‘OriGen/libs/OriGen.so’:
     Found ‘__f90_close’, possibly from ‘close’ (Fortran)
     Object: ‘OriGen.o’
     Found ‘__f90_esfr’, possibly from ‘read’ (Fortran)
     Object: ‘OriGen.o’
     Found ‘__f90_open’, possibly from ‘open’ (Fortran)
     Object: ‘OriGen.o’
     Found ‘__f90_rewind’, possibly from ‘rewind’ (Fortran)
     Object: ‘OriGen.o’
    
    Compiled code should not call entry points which might terminate R nor
    write to stdout/stderr instead of to the console, nor use Fortran I/O
    nor system RNGs.
    
    See ‘Writing portable packages’ in the ‘Writing R Extensions’ manual.
Flavor: r-patched-solaris-x86

Version: 1.4.3
Check: compiled code
Result: NOTE
    File ‘OriGen/libs/OriGen.so’:
     Found ‘__gfortran_st_close’, possibly from ‘close’ (Fortran)
     Object: ‘OriGen.o’
     Found ‘__gfortran_st_open’, possibly from ‘open’ (Fortran)
     Object: ‘OriGen.o’
     Found ‘__gfortran_st_read’, possibly from ‘read’ (Fortran)
     Object: ‘OriGen.o’
    
    Compiled code should not call entry points which might terminate R nor
    write to stdout/stderr instead of to the console, nor use Fortran I/O
    nor system RNGs.
    
    See ‘Writing portable packages’ in the ‘Writing R Extensions’ manual.
Flavors: r-release-osx-x86_64, r-oldrel-osx-x86_64