CRAN Package Check Results for Package PCADSC

Last updated on 2021-10-26 05:59:58 CEST.

Flavor Version Tinstall Tcheck Ttotal Status Flags
r-devel-linux-x86_64-debian-clang 0.8.0 5.47 56.57 62.04 NOTE
r-devel-linux-x86_64-debian-gcc 0.8.0 4.41 42.25 46.66 NOTE
r-devel-linux-x86_64-fedora-clang 0.8.0 84.22 NOTE
r-devel-linux-x86_64-fedora-gcc 0.8.0 70.31 NOTE
r-devel-windows-x86_64 0.8.0 9.00 76.00 85.00 NOTE
r-devel-windows-x86_64-gcc10-UCRT 0.8.0 NOTE
r-patched-linux-x86_64 0.8.0 5.36 52.03 57.39 NOTE
r-patched-solaris-x86 0.8.0 105.70 NOTE
r-release-linux-x86_64 0.8.0 4.91 52.16 57.07 NOTE
r-release-macos-arm64 0.8.0 NOTE
r-release-macos-x86_64 0.8.0 NOTE
r-release-windows-ix86+x86_64 0.8.0 10.00 75.00 85.00 NOTE
r-oldrel-macos-x86_64 0.8.0 NOTE
r-oldrel-windows-ix86+x86_64 0.8.0 14.00 78.00 92.00 OK

Check Details

Version: 0.8.0
Check: LazyData
Result: NOTE
     'LazyData' is specified without a 'data' directory
Flavors: r-devel-linux-x86_64-debian-clang, r-devel-linux-x86_64-debian-gcc, r-devel-linux-x86_64-fedora-clang, r-devel-linux-x86_64-fedora-gcc, r-devel-windows-x86_64, r-devel-windows-x86_64-gcc10-UCRT, r-patched-linux-x86_64, r-patched-solaris-x86, r-release-linux-x86_64, r-release-macos-arm64, r-release-macos-x86_64, r-release-windows-ix86+x86_64

Version: 0.8.0
Check: dependencies in R code
Result: NOTE
    Namespaces in Imports field not imported from:
     ‘Matrix’ ‘pander’
     All declared Imports should be used.
Flavors: r-devel-linux-x86_64-fedora-clang, r-devel-linux-x86_64-fedora-gcc, r-devel-windows-x86_64-gcc10-UCRT, r-patched-solaris-x86, r-release-macos-arm64, r-release-macos-x86_64, r-oldrel-macos-x86_64

Version: 0.8.0
Check: Rd cross-references
Result: NOTE
    Undeclared packages ‘tibble’, ‘data.table’ in Rd xrefs
Flavor: r-devel-linux-x86_64-fedora-clang