CRAN Package Check Results for Package PCDSpline

Last updated on 2020-07-09 05:47:57 CEST.

Flavor Version Tinstall Tcheck Ttotal Status Flags
r-devel-linux-x86_64-debian-clang 1.0 3.17 29.69 32.86 NOTE
r-devel-linux-x86_64-debian-gcc 1.0 2.47 22.80 25.27 NOTE
r-devel-linux-x86_64-fedora-clang 1.0 47.83 NOTE
r-devel-linux-x86_64-fedora-gcc 1.0 38.59 NOTE
r-devel-windows-ix86+x86_64 1.0 6.00 47.00 53.00 NOTE
r-patched-linux-x86_64 1.0 2.85 29.47 32.32 NOTE
r-patched-solaris-x86 1.0 57.00 NOTE
r-release-linux-x86_64 1.0 3.34 29.32 32.66 NOTE
r-release-osx-x86_64 1.0 NOTE
r-release-windows-ix86+x86_64 1.0 6.00 37.00 43.00 NOTE
r-oldrel-osx-x86_64 1.0 NOTE
r-oldrel-windows-ix86+x86_64 1.0 5.00 53.00 58.00 NOTE

Check Details

Version: 1.0
Check: R code for possible problems
Result: NOTE
    PCDReg.wf: no visible global function definition for 'optimize'
    Undefined global functions or variables:
     optimize
    Consider adding
     importFrom("stats", "optimize")
    to your NAMESPACE file.
Flavors: r-devel-linux-x86_64-debian-clang, r-devel-linux-x86_64-debian-gcc, r-devel-linux-x86_64-fedora-clang, r-devel-linux-x86_64-fedora-gcc, r-devel-windows-ix86+x86_64, r-patched-linux-x86_64, r-patched-solaris-x86, r-release-linux-x86_64, r-release-osx-x86_64, r-release-windows-ix86+x86_64, r-oldrel-osx-x86_64, r-oldrel-windows-ix86+x86_64