CRAN Package Check Results for Package PCDSpline

Last updated on 2019-11-20 05:47:14 CET.

Flavor Version Tinstall Tcheck Ttotal Status Flags
r-devel-linux-x86_64-debian-clang 1.0 2.69 27.80 30.49 NOTE
r-devel-linux-x86_64-debian-gcc 1.0 2.30 22.34 24.64 NOTE
r-devel-linux-x86_64-fedora-clang 1.0 36.86 NOTE
r-devel-linux-x86_64-fedora-gcc 1.0 37.21 NOTE
r-devel-windows-ix86+x86_64 1.0 6.00 39.00 45.00 NOTE
r-devel-windows-ix86+x86_64-gcc8 1.0 10.00 38.00 48.00 NOTE
r-patched-linux-x86_64 1.0 2.57 26.87 29.44 NOTE
r-patched-solaris-x86 1.0 52.00 NOTE
r-release-linux-x86_64 1.0 2.34 26.61 28.95 NOTE
r-release-windows-ix86+x86_64 1.0 5.00 53.00 58.00 NOTE
r-release-osx-x86_64 1.0 NOTE
r-oldrel-windows-ix86+x86_64 1.0 3.00 34.00 37.00 NOTE
r-oldrel-osx-x86_64 1.0 NOTE

Check Details

Version: 1.0
Check: R code for possible problems
Result: NOTE
    PCDReg.wf: no visible global function definition for 'optimize'
    Undefined global functions or variables:
     optimize
    Consider adding
     importFrom("stats", "optimize")
    to your NAMESPACE file.
Flavors: r-devel-linux-x86_64-debian-clang, r-devel-linux-x86_64-debian-gcc, r-devel-linux-x86_64-fedora-clang, r-devel-linux-x86_64-fedora-gcc, r-devel-windows-ix86+x86_64, r-devel-windows-ix86+x86_64-gcc8, r-patched-linux-x86_64, r-patched-solaris-x86, r-release-linux-x86_64, r-release-windows-ix86+x86_64, r-release-osx-x86_64, r-oldrel-windows-ix86+x86_64, r-oldrel-osx-x86_64