CRAN Package Check Results for Package PKPDmisc

Last updated on 2019-08-22 05:47:07 CEST.

Flavor Version Tinstall Tcheck Ttotal Status Flags
r-devel-linux-x86_64-debian-clang 2.1.1 64.64 56.81 121.45 OK
r-devel-linux-x86_64-debian-gcc 2.1.1 46.14 43.70 89.84 OK
r-devel-linux-x86_64-fedora-clang 2.1.1 181.71 NOTE
r-devel-linux-x86_64-fedora-gcc 2.1.1 157.66 NOTE
r-devel-windows-ix86+x86_64 2.1.1 163.00 132.00 295.00 OK
r-patched-linux-x86_64 2.1.1 54.26 55.00 109.26 OK
r-patched-solaris-x86 2.1.1 173.80 NOTE
r-release-linux-x86_64 2.1.1 53.42 56.47 109.89 OK
r-release-windows-ix86+x86_64 2.1.1 176.00 132.00 308.00 OK
r-release-osx-x86_64 2.1.1 NOTE
r-oldrel-windows-ix86+x86_64 2.1.1 174.00 137.00 311.00 OK
r-oldrel-osx-x86_64 2.1.1 NOTE

Check Details

Version: 2.1.1
Check: dependencies in R code
Result: NOTE
    Namespace in Imports field not imported from: ‘purrr’
     All declared Imports should be used.
Flavors: r-devel-linux-x86_64-fedora-clang, r-devel-linux-x86_64-fedora-gcc, r-patched-solaris-x86, r-release-osx-x86_64, r-oldrel-osx-x86_64