CRAN Package Check Results for Package PKPDmisc

Last updated on 2019-12-14 05:47:38 CET.

Flavor Version Tinstall Tcheck Ttotal Status Flags
r-devel-linux-x86_64-debian-clang 2.1.1 79.62 62.01 141.63 OK
r-devel-linux-x86_64-debian-gcc 2.1.1 46.92 47.42 94.34 OK
r-devel-linux-x86_64-fedora-clang 2.1.1 186.92 NOTE
r-devel-linux-x86_64-fedora-gcc 2.1.1 183.90 NOTE
r-devel-windows-ix86+x86_64 2.1.1 147.00 99.00 246.00 OK
r-devel-windows-ix86+x86_64-gcc8 2.1.1 146.00 138.00 284.00 OK
r-patched-linux-x86_64 2.1.1 52.19 55.68 107.87 OK
r-patched-solaris-x86 2.1.1 166.90 NOTE
r-release-linux-x86_64 2.1.1 53.04 55.48 108.52 OK
r-release-windows-ix86+x86_64 2.1.1 115.00 111.00 226.00 OK
r-release-osx-x86_64 2.1.1 NOTE
r-oldrel-windows-ix86+x86_64 2.1.1 104.00 86.00 190.00 OK
r-oldrel-osx-x86_64 2.1.1 NOTE

Check Details

Version: 2.1.1
Check: dependencies in R code
Result: NOTE
    Namespace in Imports field not imported from: ‘purrr’
     All declared Imports should be used.
Flavors: r-devel-linux-x86_64-fedora-clang, r-devel-linux-x86_64-fedora-gcc, r-patched-solaris-x86, r-release-osx-x86_64, r-oldrel-osx-x86_64