CRAN Package Check Results for Package PMmisc

Last updated on 2020-01-28 05:50:23 CET.

Flavor Version Tinstall Tcheck Ttotal Status Flags
r-devel-linux-x86_64-debian-clang 0.1.2 4.46 50.03 54.49 OK
r-devel-linux-x86_64-debian-gcc 0.1.2 3.64 37.92 41.56 OK
r-devel-linux-x86_64-fedora-clang 0.1.2 65.03 WARN
r-devel-linux-x86_64-fedora-gcc 0.1.2 62.11 OK
r-devel-windows-ix86+x86_64 0.1.2 15.00 72.00 87.00 OK
r-devel-windows-ix86+x86_64-gcc8 0.1.2 22.00 77.00 99.00 OK
r-patched-linux-x86_64 0.1.2 OK
r-patched-solaris-x86 0.1.2 84.50 OK
r-release-linux-x86_64 0.1.2 3.84 43.69 47.53 OK
r-release-windows-ix86+x86_64 0.1.2 12.00 71.00 83.00 OK
r-release-osx-x86_64 0.1.2 OK
r-oldrel-windows-ix86+x86_64 0.1.2 10.00 83.00 93.00 OK
r-oldrel-osx-x86_64 0.1.2 OK

Check Details

Version: 0.1.2
Check: package dependencies
Result: WARN
    Requires orphaned package: ‘robust’
Flavor: r-devel-linux-x86_64-fedora-clang