Last updated on 2021-01-22 05:50:37 CET.
Flavor | Version | Tinstall | Tcheck | Ttotal | Status | Flags |
---|---|---|---|---|---|---|
r-devel-linux-x86_64-debian-clang | 0.1.1 | 47.71 | 83.03 | 130.74 | OK | |
r-devel-linux-x86_64-debian-gcc | 0.1.1 | 35.38 | 62.02 | 97.40 | OK | |
r-devel-linux-x86_64-fedora-clang | 0.1.1 | 171.44 | NOTE | |||
r-devel-linux-x86_64-fedora-gcc | 0.1.1 | 160.50 | OK | |||
r-devel-windows-ix86+x86_64 | 0.1.1 | 109.00 | 163.00 | 272.00 | OK | |
r-patched-linux-x86_64 | 0.1.1 | 39.34 | 79.28 | 118.62 | OK | |
r-patched-solaris-x86 | 0.1.1 | 176.40 | OK | |||
r-release-linux-x86_64 | 0.1.1 | 39.25 | 79.27 | 118.52 | OK | |
r-release-macos-x86_64 | 0.1.1 | NOTE | ||||
r-release-windows-ix86+x86_64 | 0.1.1 | 104.00 | 176.00 | 280.00 | OK | |
r-oldrel-macos-x86_64 | 0.1.1 | NOTE | ||||
r-oldrel-windows-ix86+x86_64 | 0.1.1 | 79.00 | 123.00 | 202.00 | OK |
Version: 0.1.1
Check: installed package size
Result: NOTE
installed size is 5.4Mb
sub-directories of 1Mb or more:
libs 4.2Mb
Flavors: r-devel-linux-x86_64-fedora-clang, r-release-macos-x86_64, r-oldrel-macos-x86_64