CRAN Package Check Results for Package PPforest

Last updated on 2021-12-09 05:59:45 CET.

Flavor Version Tinstall Tcheck Ttotal Status Flags
r-devel-linux-x86_64-debian-clang 0.1.2 48.24 91.65 139.89 OK
r-devel-linux-x86_64-debian-gcc 0.1.2 33.92 69.13 103.05 OK
r-devel-linux-x86_64-fedora-clang 0.1.2 183.20 OK
r-devel-linux-x86_64-fedora-gcc 0.1.2 164.33 OK
r-devel-windows-x86_64-new-UL 0.1.2 62.00 170.00 232.00 OK
r-devel-windows-x86_64-new-TK 0.1.2 OK
r-devel-windows-x86_64-old 0.1.2 57.00 149.00 206.00 OK
r-patched-linux-x86_64 0.1.2 42.69 85.29 127.98 OK
r-release-linux-x86_64 0.1.2 40.40 86.43 126.83 OK
r-release-macos-arm64 0.1.2 NOTE
r-release-macos-x86_64 0.1.2 NOTE
r-release-windows-ix86+x86_64 0.1.2 93.00 178.00 271.00 OK
r-oldrel-macos-x86_64 0.1.2 NOTE
r-oldrel-windows-ix86+x86_64 0.1.2 109.00 172.00 281.00 OK

Check Details

Version: 0.1.2
Check: installed package size
Result: NOTE
     installed size is 6.4Mb
     sub-directories of 1Mb or more:
     libs 5.2Mb
Flavors: r-release-macos-arm64, r-release-macos-x86_64, r-oldrel-macos-x86_64