CRAN Package Check Results for Package PPtree

Last updated on 2019-09-20 05:47:03 CEST.

Flavor Version Tinstall Tcheck Ttotal Status Flags
r-devel-linux-x86_64-debian-clang 2.3.0 5.37 22.34 27.71 NOTE
r-devel-linux-x86_64-debian-gcc 2.3.0 4.02 17.84 21.86 NOTE
r-devel-linux-x86_64-fedora-clang 2.3.0 35.49 NOTE
r-devel-linux-x86_64-fedora-gcc 2.3.0 33.87 NOTE
r-devel-windows-ix86+x86_64 2.3.0 18.00 40.00 58.00 NOTE
r-patched-linux-x86_64 2.3.0 3.67 21.85 25.52 NOTE
r-patched-solaris-x86 2.3.0 51.40 NOTE
r-release-linux-x86_64 2.3.0 4.16 22.31 26.47 NOTE
r-release-windows-ix86+x86_64 2.3.0 14.00 59.00 73.00 NOTE
r-release-osx-x86_64 2.3.0 NOTE
r-oldrel-windows-ix86+x86_64 2.3.0 12.00 42.00 54.00 NOTE
r-oldrel-osx-x86_64 2.3.0 NOTE

Additional issues

valgrind

Check Details

Version: 2.3.0
Check: DESCRIPTION meta-information
Result: NOTE
    Malformed Description field: should contain one or more complete sentences.
Flavors: r-devel-linux-x86_64-debian-clang, r-devel-linux-x86_64-debian-gcc, r-devel-linux-x86_64-fedora-clang, r-devel-linux-x86_64-fedora-gcc, r-devel-windows-ix86+x86_64, r-patched-linux-x86_64, r-patched-solaris-x86, r-release-linux-x86_64, r-release-windows-ix86+x86_64, r-release-osx-x86_64, r-oldrel-windows-ix86+x86_64, r-oldrel-osx-x86_64

Version: 2.3.0
Check: R code for possible problems
Result: NOTE
    LDA.Tree : Find.proj: no visible binding for global variable 'var'
    LDA.Tree : Find.proj: no visible binding for global variable 'IQR'
    LDA.Tree : Find.proj: no visible binding for global variable 'median'
    PDA.Tree : Find.proj: no visible binding for global variable 'var'
    PDA.Tree : Find.proj: no visible binding for global variable 'median'
    PDA.Tree : Find.proj: no visible binding for global variable 'IQR'
    PP.Tree : Find.proj: no visible binding for global variable 'var'
    PP.Tree : Find.proj: no visible binding for global variable 'median'
    PP.Tree : Find.proj: no visible binding for global variable 'IQR'
    PP.optimize.Huber: no visible binding for global variable 'sd'
    PP.optimize.anneal: no visible binding for global variable 'sd'
    PP.optimize.plot: no visible binding for global variable 'sd'
    PP.optimize.plot: no visible global function definition for 'hist'
    PP.optimize.plot: no visible global function definition for 'text'
    PP.optimize.plot: no visible global function definition for 'par'
    PP.optimize.plot: no visible global function definition for 'plot'
    PP.optimize.plot: no visible global function definition for 'colors'
    PP.optimize.plot: no visible global function definition for 'pairs'
    PP.optimize.random: no visible binding for global variable 'sd'
    Undefined global functions or variables:
     IQR colors hist median pairs par plot sd text var
    Consider adding
     importFrom("grDevices", "colors")
     importFrom("graphics", "hist", "pairs", "par", "plot", "text")
     importFrom("stats", "IQR", "median", "sd", "var")
    to your NAMESPACE file.
Flavors: r-devel-linux-x86_64-debian-clang, r-devel-linux-x86_64-debian-gcc, r-devel-linux-x86_64-fedora-clang, r-devel-linux-x86_64-fedora-gcc, r-devel-windows-ix86+x86_64, r-patched-linux-x86_64, r-patched-solaris-x86, r-release-linux-x86_64, r-release-windows-ix86+x86_64, r-release-osx-x86_64, r-oldrel-windows-ix86+x86_64, r-oldrel-osx-x86_64

Version: 2.3.0
Check: compiled code
Result: NOTE
    File ‘PPtree/libs/PPtree.so’:
     Found no calls to: ‘R_registerRoutines’, ‘R_useDynamicSymbols’
    
    It is good practice to register native routines and to disable symbol
    search.
    
    See ‘Writing portable packages’ in the ‘Writing R Extensions’ manual.
Flavors: r-devel-linux-x86_64-fedora-clang, r-devel-linux-x86_64-fedora-gcc