CRAN Package Check Results for Package PROreg

Last updated on 2021-11-27 05:49:46 CET.

Flavor Version Tinstall Tcheck Ttotal Status Flags
r-devel-linux-x86_64-debian-clang 1.1 NOTE
r-devel-linux-x86_64-debian-gcc 1.1 7.07 74.20 81.27 NOTE
r-devel-linux-x86_64-fedora-clang 1.1 139.37 NOTE
r-devel-linux-x86_64-fedora-gcc 1.1 127.64 NOTE
r-devel-windows-x86_64-new-UL 1.1 21.00 138.00 159.00 NOTE
r-devel-windows-x86_64-new-TK 1.1 NOTE
r-devel-windows-x86_64-old 1.1 14.00 92.00 106.00 NOTE
r-patched-linux-x86_64 1.1 15.42 94.86 110.28 NOTE
r-patched-solaris-x86 1.1 212.60 NOTE
r-release-linux-x86_64 1.1 NOTE
r-release-macos-arm64 1.1 NOTE
r-release-macos-x86_64 1.1 NOTE
r-release-windows-ix86+x86_64 1.1 22.00 123.00 145.00 NOTE
r-oldrel-macos-x86_64 1.1 OK
r-oldrel-windows-ix86+x86_64 1.1 17.00 126.00 143.00 OK

Check Details

Version: 1.1
Check: LazyData
Result: NOTE
     'LazyData' is specified without a 'data' directory
Flavors: r-devel-linux-x86_64-debian-clang, r-devel-linux-x86_64-debian-gcc, r-devel-linux-x86_64-fedora-clang, r-devel-linux-x86_64-fedora-gcc, r-devel-windows-x86_64-new-UL, r-devel-windows-x86_64-new-TK, r-devel-windows-x86_64-old, r-patched-linux-x86_64, r-patched-solaris-x86, r-release-linux-x86_64, r-release-macos-arm64, r-release-macos-x86_64, r-release-windows-ix86+x86_64