CRAN Package Check Results for Package PSLM2015

Last updated on 2019-08-23 05:47:03 CEST.

Flavor Version Tinstall Tcheck Ttotal Status Flags
r-devel-linux-x86_64-debian-clang 0.2.0 7.35 36.52 43.87 OK
r-devel-linux-x86_64-debian-gcc 0.2.0 6.30 28.58 34.88 OK
r-devel-linux-x86_64-fedora-clang 0.2.0 54.59 NOTE
r-devel-linux-x86_64-fedora-gcc 0.2.0 51.97 NOTE
r-devel-windows-ix86+x86_64 0.2.0 26.00 86.00 112.00 OK
r-patched-linux-x86_64 0.2.0 7.06 35.19 42.25 OK
r-patched-solaris-x86 0.2.0 82.70 NOTE
r-release-linux-x86_64 0.2.0 7.37 35.76 43.13 OK
r-release-windows-ix86+x86_64 0.2.0 20.00 70.00 90.00 OK
r-release-osx-x86_64 0.2.0 NOTE
r-oldrel-windows-ix86+x86_64 0.2.0 16.00 80.00 96.00 OK
r-oldrel-osx-x86_64 0.2.0 NOTE

Check Details

Version: 0.2.0
Check: data for non-ASCII characters
Result: NOTE
     Note: found 26 marked Latin-1 strings
Flavors: r-devel-linux-x86_64-fedora-clang, r-devel-linux-x86_64-fedora-gcc, r-patched-solaris-x86, r-release-osx-x86_64, r-oldrel-osx-x86_64