CRAN Package Check Results for Package PSLM2015

Last updated on 2020-01-20 05:47:24 CET.

Flavor Version Tinstall Tcheck Ttotal Status Flags
r-devel-linux-x86_64-debian-clang 0.2.0 7.94 38.08 46.02 OK
r-devel-linux-x86_64-debian-gcc 0.2.0 6.71 30.00 36.71 OK
r-devel-linux-x86_64-fedora-clang 0.2.0 57.48 NOTE
r-devel-linux-x86_64-fedora-gcc 0.2.0 57.41 NOTE
r-devel-windows-ix86+x86_64 0.2.0 24.00 75.00 99.00 OK
r-devel-windows-ix86+x86_64-gcc8 0.2.0 15.00 58.00 73.00 OK
r-patched-linux-x86_64 0.2.0 6.75 34.46 41.21 OK
r-patched-solaris-x86 0.2.0 79.40 NOTE
r-release-linux-x86_64 0.2.0 7.59 34.27 41.86 OK
r-release-windows-ix86+x86_64 0.2.0 18.00 77.00 95.00 OK
r-release-osx-x86_64 0.2.0 NOTE
r-oldrel-windows-ix86+x86_64 0.2.0 10.00 49.00 59.00 OK
r-oldrel-osx-x86_64 0.2.0 NOTE

Check Details

Version: 0.2.0
Check: data for non-ASCII characters
Result: NOTE
     Note: found 26 marked Latin-1 strings
Flavors: r-devel-linux-x86_64-fedora-clang, r-devel-linux-x86_64-fedora-gcc, r-patched-solaris-x86, r-release-osx-x86_64, r-oldrel-osx-x86_64