CRAN Package Check Results for Package PUlasso

Last updated on 2019-08-19 05:46:32 CEST.

Flavor Version Tinstall Tcheck Ttotal Status Flags
r-devel-linux-x86_64-debian-clang 3.2.3 169.56 91.35 260.91 OK
r-devel-linux-x86_64-debian-gcc 3.2.3 142.01 71.72 213.73 OK
r-devel-linux-x86_64-fedora-clang 3.2.3 388.72 NOTE
r-devel-linux-x86_64-fedora-gcc 3.2.3 375.71 OK
r-devel-windows-ix86+x86_64 3.2.3 391.00 202.00 593.00 OK
r-patched-linux-x86_64 3.2.3 157.22 91.78 249.00 OK
r-patched-solaris-x86 3.2.3 349.30 OK
r-release-linux-x86_64 3.2.3 160.35 91.71 252.06 OK
r-release-windows-ix86+x86_64 3.2.3 302.00 161.00 463.00 OK
r-release-osx-x86_64 3.2.3 NOTE
r-oldrel-windows-ix86+x86_64 3.2.3 377.00 213.00 590.00 OK
r-oldrel-osx-x86_64 3.2.3 NOTE

Check Details

Version: 3.2.3
Check: installed package size
Result: NOTE
     installed size is 34.0Mb
     sub-directories of 1Mb or more:
     libs 33.5Mb
Flavors: r-devel-linux-x86_64-fedora-clang, r-release-osx-x86_64, r-oldrel-osx-x86_64