CRAN Package Check Results for Package PUlasso

Last updated on 2019-12-09 05:47:24 CET.

Flavor Version Tinstall Tcheck Ttotal Status Flags
r-devel-linux-x86_64-debian-clang 3.2.3 189.83 95.80 285.63 OK
r-devel-linux-x86_64-debian-gcc 3.2.3 142.21 77.26 219.47 OK
r-devel-linux-x86_64-fedora-clang 3.2.3 399.89 NOTE
r-devel-linux-x86_64-fedora-gcc 3.2.3 382.02 OK
r-devel-windows-ix86+x86_64 3.2.3 288.00 165.00 453.00 OK
r-devel-windows-ix86+x86_64-gcc8 3.2.3 359.00 171.00 530.00 OK
r-patched-linux-x86_64 3.2.3 157.85 91.20 249.05 OK
r-patched-solaris-x86 3.2.3 342.10 OK
r-release-linux-x86_64 3.2.3 153.72 90.47 244.19 OK
r-release-windows-ix86+x86_64 3.2.3 329.00 164.00 493.00 OK
r-release-osx-x86_64 3.2.3 NOTE
r-oldrel-windows-ix86+x86_64 3.2.3 287.00 164.00 451.00 OK
r-oldrel-osx-x86_64 3.2.3 NOTE

Check Details

Version: 3.2.3
Check: installed package size
Result: NOTE
     installed size is 33.9Mb
     sub-directories of 1Mb or more:
     libs 33.5Mb
Flavors: r-devel-linux-x86_64-fedora-clang, r-release-osx-x86_64, r-oldrel-osx-x86_64