CRAN Package Check Results for Package PVplr

Last updated on 2021-10-23 06:13:19 CEST.

Flavor Version Tinstall Tcheck Ttotal Status Flags
r-devel-linux-x86_64-debian-clang 0.1.0 7.91 284.07 291.98 OK
r-devel-linux-x86_64-debian-gcc 0.1.0 5.96 213.29 219.25 OK
r-devel-linux-x86_64-fedora-clang 0.1.0 361.21 NOTE
r-devel-linux-x86_64-fedora-gcc 0.1.0 344.11 NOTE
r-devel-windows-x86_64 0.1.0 13.00 421.00 434.00 OK
r-devel-windows-x86_64-gcc10-UCRT 0.1.0 NOTE
r-patched-linux-x86_64 0.1.0 7.45 280.70 288.15 OK
r-patched-solaris-x86 0.1.0 536.60 NOTE
r-release-linux-x86_64 0.1.0 7.31 279.42 286.73 OK
r-release-macos-arm64 0.1.0 NOTE
r-release-macos-x86_64 0.1.0 NOTE
r-release-windows-ix86+x86_64 0.1.0 13.00 421.00 434.00 OK
r-oldrel-macos-x86_64 0.1.0 NOTE
r-oldrel-windows-ix86+x86_64 0.1.0 18.00 429.00 447.00 OK

Check Details

Version: 0.1.0
Check: dependencies in R code
Result: NOTE
    Namespace in Imports field not imported from: ‘ggplot2’
     All declared Imports should be used.
Flavors: r-devel-linux-x86_64-fedora-clang, r-devel-linux-x86_64-fedora-gcc, r-devel-windows-x86_64-gcc10-UCRT, r-patched-solaris-x86, r-release-macos-arm64, r-release-macos-x86_64, r-oldrel-macos-x86_64