CRAN Package Check Results for Package PWD

Last updated on 2020-05-30 05:48:13 CEST.

Flavor Version Tinstall Tcheck Ttotal Status Flags
r-devel-linux-x86_64-debian-clang 1.0 32.07 25.05 57.12 OK
r-devel-linux-x86_64-debian-gcc 1.0 24.94 19.81 44.75 OK
r-devel-linux-x86_64-fedora-clang 1.0 78.18 NOTE
r-devel-linux-x86_64-fedora-gcc 1.0 73.17 NOTE
r-devel-windows-ix86+x86_64 1.0 78.00 77.00 155.00 OK
r-patched-linux-x86_64 1.0 25.46 24.82 50.28 OK
r-patched-solaris-x86 1.0 83.20 OK
r-release-linux-x86_64 1.0 26.27 24.74 51.01 OK
r-release-osx-x86_64 1.0 OK
r-release-windows-ix86+x86_64 1.0 58.00 74.00 132.00 OK
r-oldrel-osx-x86_64 1.0 OK
r-oldrel-windows-ix86+x86_64 1.0 76.00 55.00 131.00 OK

Check Details

Version: 1.0
Check: compiled code
Result: NOTE
    File ‘PWD/libs/PWD.so’:
     Found no calls to: ‘R_registerRoutines’, ‘R_useDynamicSymbols’
    
    It is good practice to register native routines and to disable symbol
    search.
    
    See ‘Writing portable packages’ in the ‘Writing R Extensions’ manual.
Flavors: r-devel-linux-x86_64-fedora-clang, r-devel-linux-x86_64-fedora-gcc