CRAN Package Check Results for Package PWD

Last updated on 2019-10-22 05:47:24 CEST.

Flavor Version Tinstall Tcheck Ttotal Status Flags
r-devel-linux-x86_64-debian-clang 1.0 25.25 22.71 47.96 OK
r-devel-linux-x86_64-debian-gcc 1.0 20.97 18.56 39.53 OK
r-devel-linux-x86_64-fedora-clang 1.0 71.79 NOTE
r-devel-linux-x86_64-fedora-gcc 1.0 68.74 NOTE
r-devel-windows-ix86+x86_64 1.0 77.00 55.00 132.00 OK
r-patched-linux-x86_64 1.0 24.31 22.41 46.72 OK
r-patched-solaris-x86 1.0 82.70 OK
r-release-linux-x86_64 1.0 23.03 22.45 45.48 OK
r-release-windows-ix86+x86_64 1.0 65.00 58.00 123.00 OK
r-release-osx-x86_64 1.0 OK
r-oldrel-windows-ix86+x86_64 1.0 43.00 48.00 91.00 OK
r-oldrel-osx-x86_64 1.0 OK

Check Details

Version: 1.0
Check: compiled code
Result: NOTE
    File ‘PWD/libs/PWD.so’:
     Found no calls to: ‘R_registerRoutines’, ‘R_useDynamicSymbols’
    
    It is good practice to register native routines and to disable symbol
    search.
    
    See ‘Writing portable packages’ in the ‘Writing R Extensions’ manual.
Flavors: r-devel-linux-x86_64-fedora-clang, r-devel-linux-x86_64-fedora-gcc