CRAN Package Check Results for Package PhysicalActivity

Last updated on 2021-06-14 05:50:40 CEST.

Flavor Version Tinstall Tcheck Ttotal Status Flags
r-devel-linux-x86_64-debian-clang 0.2-4 3.40 58.44 61.84 OK
r-devel-linux-x86_64-debian-gcc 0.2-4 2.46 46.93 49.39 OK
r-devel-linux-x86_64-fedora-clang 0.2-4 85.62 OK
r-devel-linux-x86_64-fedora-gcc 0.2-4 74.31 OK
r-devel-windows-x86_64 0.2-4 7.00 107.00 114.00 OK
r-devel-windows-x86_64-gcc10-UCRT 0.2-4 OK
r-patched-linux-x86_64 0.2-4 4.12 58.82 62.94 OK
r-patched-solaris-x86 0.2-4 114.40 OK
r-release-linux-x86_64 0.2-4 3.10 58.12 61.22 OK
r-release-macos-arm64 0.2-4 OK
r-release-macos-x86_64 0.2-4 ERROR
r-release-windows-ix86+x86_64 0.2-4 6.00 93.00 99.00 OK
r-oldrel-macos-x86_64 0.2-4 OK
r-oldrel-windows-ix86+x86_64 0.2-4 6.00 92.00 98.00 OK

Check Details

Version: 0.2-4
Check: examples
Result: ERROR
    Running examples in ‘PhysicalActivity-Ex.R’ failed
    The error most likely occurred in:
    
    > ### Name: deliveryPred
    > ### Title: Wrapper Function for Accelerometry data Preprocessing, Feature
    > ### Extraction, and Delivery Prediction
    > ### Aliases: deliveryPred
    >
    > ### ** Examples
    >
    > data(deliveryData)
    >
    > predictions <- deliveryPred(df = deliveryData, model = "GLM")
    Warning in deliveryPreprocess(df = df) :
     .id unspecified - dummy ID created
    Error: deliveryPrediction requires the rms package, please install it.
    Execution halted
Flavor: r-release-macos-x86_64