CRAN Package Check Results for Package PieceExpIntensity

Last updated on 2021-10-16 05:51:31 CEST.

Flavor Version Tinstall Tcheck Ttotal Status Flags
r-devel-linux-x86_64-debian-clang 1.0.4 27.62 26.11 53.73 NOTE
r-devel-linux-x86_64-debian-gcc 1.0.4 20.80 20.83 41.63 NOTE
r-devel-linux-x86_64-fedora-clang 1.0.4 90.08 NOTE
r-devel-linux-x86_64-fedora-gcc 1.0.4 74.41 NOTE
r-devel-windows-x86_64 1.0.4 34.00 45.00 79.00 NOTE
r-devel-windows-x86_64-gcc10-UCRT 1.0.4 NOTE
r-patched-linux-x86_64 1.0.4 24.44 25.43 49.87 NOTE
r-patched-solaris-x86 1.0.4 89.10 NOTE
r-release-linux-x86_64 1.0.4 24.78 25.22 50.00 NOTE
r-release-macos-arm64 1.0.4 NOTE
r-release-macos-x86_64 1.0.4 NOTE
r-release-windows-ix86+x86_64 1.0.4 77.00 71.00 148.00 NOTE
r-oldrel-macos-x86_64 1.0.4 OK
r-oldrel-windows-ix86+x86_64 1.0.4 80.00 70.00 150.00 OK

Check Details

Version: 1.0.4
Check: LazyData
Result: NOTE
     'LazyData' is specified without a 'data' directory
Flavors: r-devel-linux-x86_64-debian-clang, r-devel-linux-x86_64-debian-gcc, r-devel-linux-x86_64-fedora-clang, r-devel-linux-x86_64-fedora-gcc, r-devel-windows-x86_64, r-devel-windows-x86_64-gcc10-UCRT, r-patched-linux-x86_64, r-patched-solaris-x86, r-release-linux-x86_64, r-release-macos-arm64, r-release-macos-x86_64, r-release-windows-ix86+x86_64