CRAN Package Check Results for Package PlackettLuce

Last updated on 2020-01-25 05:50:05 CET.

Flavor Version Tinstall Tcheck Ttotal Status Flags
r-devel-linux-x86_64-debian-clang 0.2-9 12.91 204.15 217.06 OK
r-devel-linux-x86_64-debian-gcc 0.2-9 10.06 150.26 160.32 OK
r-devel-linux-x86_64-fedora-clang 0.2-9 254.96 OK
r-devel-linux-x86_64-fedora-gcc 0.2-9 244.99 OK
r-devel-windows-ix86+x86_64 0.2-9 26.00 290.00 316.00 WARN
r-devel-windows-ix86+x86_64-gcc8 0.2-9 34.00 278.00 312.00 WARN
r-patched-linux-x86_64 0.2-9 10.24 178.14 188.38 OK
r-patched-solaris-x86 0.2-9 316.30 OK
r-release-linux-x86_64 0.2-9 9.82 179.32 189.14 OK
r-release-windows-ix86+x86_64 0.2-9 17.00 182.00 199.00 WARN
r-release-osx-x86_64 0.2-9 NOTE
r-oldrel-windows-ix86+x86_64 0.2-9 12.00 182.00 194.00 WARN
r-oldrel-osx-x86_64 0.2-9 NOTE

Check Details

Version: 0.2-9
Check: re-building of vignette outputs
Result: WARN
    Error(s) in re-building vignettes:
    --- re-building 'Overview.Rmd' using rmarkdown
    Quitting from lines 547-548 (Overview.Rmd)
    Error: processing vignette 'Overview.Rmd' failed with diagnostics:
    there is no package called 'magick'
    --- failed re-building 'Overview.Rmd'
    
    SUMMARY: processing the following file failed:
     'Overview.Rmd'
    
    Error: Vignette re-building failed.
    Execution halted
Flavors: r-devel-windows-ix86+x86_64, r-devel-windows-ix86+x86_64-gcc8, r-release-windows-ix86+x86_64

Version: 0.2-9
Check: package dependencies
Result: NOTE
    Package suggested but not available for checking: ‘BiocStyle’
Flavors: r-release-osx-x86_64, r-oldrel-osx-x86_64

Version: 0.2-9
Check: R code for possible problems
Result: NOTE
    aggregate.rankings: no visible global function definition for 'asplit'
    Undefined global functions or variables:
     asplit
Flavors: r-oldrel-windows-ix86+x86_64, r-oldrel-osx-x86_64

Version: 0.2-9
Check: re-building of vignette outputs
Result: WARN
    Error in re-building vignettes:
     ...
    Quitting from lines 547-548 (Overview.Rmd)
    Error: processing vignette 'Overview.Rmd' failed with diagnostics:
    there is no package called 'magick'
    Execution halted
Flavor: r-oldrel-windows-ix86+x86_64