CRAN Package Check Results for Package PlackettLuce

Last updated on 2020-08-06 05:48:31 CEST.

Flavor Version Tinstall Tcheck Ttotal Status Flags
r-devel-linux-x86_64-debian-clang 0.2-9 10.92 205.70 216.62 NOTE
r-devel-linux-x86_64-debian-gcc 0.2-9 9.19 146.80 155.99 NOTE
r-devel-linux-x86_64-fedora-clang 0.2-9 267.35 NOTE
r-devel-linux-x86_64-fedora-gcc 0.2-9 248.52 NOTE
r-devel-windows-ix86+x86_64 0.2-9 29.00 214.00 243.00 OK
r-patched-linux-x86_64 0.2-9 10.64 199.10 209.74 NOTE
r-patched-solaris-x86 0.2-9 359.40 NOTE
r-release-linux-x86_64 0.2-9 12.67 198.40 211.07 NOTE
r-release-macos-x86_64 0.2-9 NOTE
r-release-windows-ix86+x86_64 0.2-9 31.00 231.00 262.00 OK
r-oldrel-macos-x86_64 0.2-9 NOTE
r-oldrel-windows-ix86+x86_64 0.2-9 15.00 176.00 191.00 OK

Check Details

Version: 0.2-9
Check: package dependencies
Result: NOTE
    Package suggested but not available for checking: 'BradleyTerryScalable'
Flavors: r-devel-linux-x86_64-debian-clang, r-devel-linux-x86_64-debian-gcc, r-devel-linux-x86_64-fedora-clang, r-devel-linux-x86_64-fedora-gcc, r-patched-linux-x86_64, r-patched-solaris-x86, r-release-linux-x86_64, r-release-macos-x86_64

Version: 0.2-9
Check: package dependencies
Result: NOTE
    Package suggested but not available for checking: ‘BiocStyle’
Flavor: r-oldrel-macos-x86_64