CRAN Package Check Results for Package Plasmidprofiler

Last updated on 2021-12-03 05:52:08 CET.

Flavor Version Tinstall Tcheck Ttotal Status Flags
r-devel-linux-x86_64-debian-clang 0.1.6 7.59 70.21 77.80 NOTE
r-devel-linux-x86_64-debian-gcc 0.1.6 5.86 52.18 58.04 NOTE
r-devel-linux-x86_64-fedora-clang 0.1.6 105.33 NOTE
r-devel-linux-x86_64-fedora-gcc 0.1.6 90.11 NOTE
r-devel-windows-x86_64-new-UL 0.1.6 17.00 114.00 131.00 OK
r-devel-windows-x86_64-new-TK 0.1.6 OK
r-devel-windows-x86_64-old 0.1.6 12.00 69.00 81.00 OK
r-patched-linux-x86_64 0.1.6 7.71 64.01 71.72 NOTE
r-patched-solaris-x86 0.1.6 128.60 NOTE
r-release-linux-x86_64 0.1.6 7.32 63.60 70.92 NOTE
r-release-macos-arm64 0.1.6 OK
r-release-macos-x86_64 0.1.6 OK
r-release-windows-ix86+x86_64 0.1.6 18.00 95.00 113.00 OK
r-oldrel-macos-x86_64 0.1.6 OK
r-oldrel-windows-ix86+x86_64 0.1.6 18.00 95.00 113.00 OK

Check Details

Version: 0.1.6
Check: for non-standard things in the check directory
Result: NOTE
    Found the following files/directories:
     'P2Run.csv' 'P2Run.html' 'P2Run.png'
Flavors: r-devel-linux-x86_64-debian-clang, r-devel-linux-x86_64-debian-gcc, r-devel-linux-x86_64-fedora-clang, r-devel-linux-x86_64-fedora-gcc, r-patched-linux-x86_64, r-release-linux-x86_64

Version: 0.1.6
Check: for non-standard things in the check directory
Result: NOTE
    Found the following files/directories:
     ‘P2Run.csv’ ‘P2Run.png’
Flavor: r-patched-solaris-x86