CRAN Package Check Results for Package Plasmidprofiler

Last updated on 2019-12-07 05:47:42 CET.

Flavor Version Tinstall Tcheck Ttotal Status Flags
r-devel-linux-x86_64-debian-clang 0.1.6 6.21 58.98 65.19 NOTE
r-devel-linux-x86_64-debian-gcc 0.1.6 5.34 46.15 51.49 NOTE
r-devel-linux-x86_64-fedora-clang 0.1.6 73.13 NOTE
r-devel-linux-x86_64-fedora-gcc 0.1.6 71.76 NOTE
r-devel-windows-ix86+x86_64 0.1.6 15.00 71.00 86.00 OK
r-devel-windows-ix86+x86_64-gcc8 0.1.6 22.00 70.00 92.00 OK
r-patched-linux-x86_64 0.1.6 5.71 52.58 58.29 OK
r-patched-solaris-x86 0.1.6 112.80 OK
r-release-linux-x86_64 0.1.6 6.07 51.46 57.53 OK
r-release-windows-ix86+x86_64 0.1.6 17.00 80.00 97.00 OK
r-release-osx-x86_64 0.1.6 OK
r-oldrel-windows-ix86+x86_64 0.1.6 11.00 76.00 87.00 OK
r-oldrel-osx-x86_64 0.1.6 OK

Check Details

Version: 0.1.6
Check: for non-standard things in the check directory
Result: NOTE
    Found the following files/directories:
     'P2Run.csv' 'P2Run.html' 'P2Run.png'
Flavors: r-devel-linux-x86_64-debian-clang, r-devel-linux-x86_64-debian-gcc, r-devel-linux-x86_64-fedora-clang, r-devel-linux-x86_64-fedora-gcc