CRAN Package Check Results for Package Plasmidprofiler

Last updated on 2019-08-22 05:47:07 CEST.

Flavor Version Tinstall Tcheck Ttotal Status Flags
r-devel-linux-x86_64-debian-clang 0.1.6 6.29 54.01 60.30 NOTE
r-devel-linux-x86_64-debian-gcc 0.1.6 4.63 44.38 49.01 NOTE
r-devel-linux-x86_64-fedora-clang 0.1.6 71.05 NOTE
r-devel-linux-x86_64-fedora-gcc 0.1.6 69.03 NOTE
r-devel-windows-ix86+x86_64 0.1.6 22.00 115.00 137.00 OK
r-patched-linux-x86_64 0.1.6 5.96 52.78 58.74 OK
r-patched-solaris-x86 0.1.6 109.50 OK
r-release-linux-x86_64 0.1.6 6.22 51.93 58.15 OK
r-release-windows-ix86+x86_64 0.1.6 31.00 97.00 128.00 OK
r-release-osx-x86_64 0.1.6 OK
r-oldrel-windows-ix86+x86_64 0.1.6 11.00 90.00 101.00 OK
r-oldrel-osx-x86_64 0.1.6 OK

Check Details

Version: 0.1.6
Check: for non-standard things in the check directory
Result: NOTE
    Found the following files/directories:
     'P2Run.csv' 'P2Run.html' 'P2Run.png'
Flavors: r-devel-linux-x86_64-debian-clang, r-devel-linux-x86_64-debian-gcc, r-devel-linux-x86_64-fedora-clang, r-devel-linux-x86_64-fedora-gcc