CRAN Package Check Results for Package PogromcyDanych

Last updated on 2022-01-21 05:52:18 CET.

Flavor Version Tinstall Tcheck Ttotal Status Flags
r-devel-linux-x86_64-debian-clang 1.7 OK
r-devel-linux-x86_64-debian-gcc 1.7 33.25 47.79 81.04 OK
r-devel-linux-x86_64-fedora-clang 1.7 129.88 NOTE
r-devel-linux-x86_64-fedora-gcc 1.7 115.40 NOTE
r-devel-windows-x86_64-new-UL 1.7 69.00 81.00 150.00 OK
r-devel-windows-x86_64-new-TK 1.7 NOTE
r-patched-linux-x86_64 1.7 35.42 58.32 93.74 OK
r-release-linux-x86_64 1.7 35.27 58.51 93.78 OK
r-release-macos-arm64 1.7 NOTE
r-release-macos-x86_64 1.7 NOTE
r-release-windows-ix86+x86_64 1.7 56.00 74.00 130.00 OK
r-oldrel-macos-x86_64 1.7 NOTE
r-oldrel-windows-ix86+x86_64 1.7 55.00 76.00 131.00 OK

Check Details

Version: 1.7
Check: data for non-ASCII characters
Result: NOTE
     Note: found 7256 marked UTF-8 strings
Flavors: r-devel-linux-x86_64-fedora-clang, r-devel-linux-x86_64-fedora-gcc, r-devel-windows-x86_64-new-TK, r-release-macos-arm64, r-release-macos-x86_64, r-oldrel-macos-x86_64