CRAN Package Check Results for Package PolicyPortfolios

Last updated on 2021-09-28 05:48:51 CEST.

Flavor Version Tinstall Tcheck Ttotal Status Flags
r-devel-linux-x86_64-debian-clang 0.2.2 11.28 107.41 118.69 OK
r-devel-linux-x86_64-debian-gcc 0.2.2 10.09 81.33 91.42 OK
r-devel-linux-x86_64-fedora-clang 0.2.2 148.33 NOTE
r-devel-linux-x86_64-fedora-gcc 0.2.2 137.67 NOTE
r-devel-windows-x86_64 0.2.2 11.00 98.00 109.00 OK
r-devel-windows-x86_64-gcc10-UCRT 0.2.2 NOTE
r-patched-linux-x86_64 0.2.2 15.70 98.70 114.40 OK
r-patched-solaris-x86 0.2.2 202.50 NOTE
r-release-linux-x86_64 0.2.2 11.50 100.12 111.62 OK
r-release-macos-arm64 0.2.2 NOTE
r-release-macos-x86_64 0.2.2 NOTE
r-release-windows-ix86+x86_64 0.2.2 26.00 136.00 162.00 OK
r-oldrel-macos-x86_64 0.2.2 NOTE
r-oldrel-windows-ix86+x86_64 0.2.2 20.00 92.00 112.00 OK

Check Details

Version: 0.2.2
Check: data for non-ASCII characters
Result: NOTE
     Note: found 21 marked UTF-8 strings
Flavors: r-devel-linux-x86_64-fedora-clang, r-devel-linux-x86_64-fedora-gcc, r-devel-windows-x86_64-gcc10-UCRT, r-patched-solaris-x86, r-release-macos-arm64, r-release-macos-x86_64, r-oldrel-macos-x86_64