CRAN Package Check Results for Package PressPurt

Last updated on 2021-06-21 05:49:48 CEST.

Flavor Version Tinstall Tcheck Ttotal Status Flags
r-devel-linux-x86_64-debian-clang 1.0.2 9.76 91.16 100.92 NOTE
r-devel-linux-x86_64-debian-gcc 1.0.2 8.49 67.43 75.92 NOTE
r-devel-linux-x86_64-fedora-clang 1.0.2 133.31 NOTE
r-devel-linux-x86_64-fedora-gcc 1.0.2 116.17 NOTE
r-devel-windows-x86_64 1.0.2 15.00 102.00 117.00 NOTE
r-devel-windows-x86_64-gcc10-UCRT 1.0.2 NOTE
r-patched-linux-x86_64 1.0.2 9.18 83.65 92.83 NOTE
r-patched-solaris-x86 1.0.2 168.40 NOTE
r-release-linux-x86_64 1.0.2 9.18 84.74 93.92 NOTE
r-release-macos-arm64 1.0.2 NOTE
r-release-macos-x86_64 1.0.2 NOTE
r-release-windows-ix86+x86_64 1.0.2 23.00 112.00 135.00 NOTE
r-oldrel-macos-x86_64 1.0.2 OK

Check Details

Version: 1.0.2
Check: LazyData
Result: NOTE
     'LazyData' is specified without a 'data' directory
Flavors: r-devel-linux-x86_64-debian-clang, r-devel-linux-x86_64-debian-gcc, r-devel-linux-x86_64-fedora-clang, r-devel-linux-x86_64-fedora-gcc, r-devel-windows-x86_64, r-devel-windows-x86_64-gcc10-UCRT, r-patched-linux-x86_64, r-patched-solaris-x86, r-release-linux-x86_64, r-release-macos-arm64, r-release-macos-x86_64, r-release-windows-ix86+x86_64

Version: 1.0.2
Check: package dependencies
Result: NOTE
    Package suggested but not available for checking: 'qpdf'
Flavor: r-devel-windows-x86_64-gcc10-UCRT