CRAN Package Check Results for Package ProFit

Last updated on 2021-10-24 05:55:15 CEST.

Flavor Version Tinstall Tcheck Ttotal Status Flags
r-devel-linux-x86_64-debian-clang 1.3.3 55.61 97.84 153.45 OK
r-devel-linux-x86_64-debian-gcc 1.3.3 47.25 73.17 120.42 OK
r-devel-linux-x86_64-fedora-clang 1.3.3 235.80 NOTE
r-devel-linux-x86_64-fedora-gcc 1.3.3 175.06 OK
r-devel-windows-x86_64 1.3.3 58.00 160.00 218.00 NOTE
r-devel-windows-x86_64-gcc10-UCRT 1.3.3 NOTE
r-patched-linux-x86_64 1.3.3 57.58 98.21 155.79 OK
r-patched-solaris-x86 1.3.3 212.40 NOTE
r-release-linux-x86_64 1.3.3 56.24 98.78 155.02 OK
r-release-macos-arm64 1.3.3 NOTE
r-release-macos-x86_64 1.3.3 NOTE
r-release-windows-ix86+x86_64 1.3.3 77.00 191.00 268.00 NOTE
r-oldrel-macos-x86_64 1.3.3 NOTE
r-oldrel-windows-ix86+x86_64 1.3.3 108.00 189.00 297.00 NOTE

Check Details

Version: 1.3.3
Check: installed package size
Result: NOTE
     installed size is 13.0Mb
     sub-directories of 1Mb or more:
     extdata 7.4Mb
     libs 4.5Mb
Flavors: r-devel-linux-x86_64-fedora-clang, r-devel-windows-x86_64, r-patched-solaris-x86, r-release-macos-arm64, r-release-macos-x86_64, r-release-windows-ix86+x86_64, r-oldrel-macos-x86_64, r-oldrel-windows-ix86+x86_64

Version: 1.3.3
Check: line endings in C/C++/Fortran sources/headers
Result: NOTE
    Found the following sources/headers not terminated with a newline:
     src/libprofit/include/profit/config.h
    Some compilers warn on such files.
Flavor: r-devel-windows-x86_64-gcc10-UCRT