CRAN Package Check Results for Package ProbReco

Last updated on 2021-09-24 05:55:36 CEST.

Flavor Version Tinstall Tcheck Ttotal Status Flags
r-devel-linux-x86_64-debian-clang 0.1.0.1 55.92 69.58 125.50 OK
r-devel-linux-x86_64-debian-gcc 0.1.0.1 40.49 56.73 97.22 OK
r-devel-linux-x86_64-fedora-clang 0.1.0.1 168.86 NOTE
r-devel-linux-x86_64-fedora-gcc 0.1.0.1 167.24 NOTE
r-devel-windows-x86_64 0.1.0.1 57.00 80.00 137.00 OK
r-devel-windows-x86_64-gcc10-UCRT 0.1.0.1 NOTE
r-patched-linux-x86_64 0.1.0.1 52.83 71.93 124.76 OK
r-patched-solaris-x86 0.1.0.1 172.70 NOTE
r-release-linux-x86_64 0.1.0.1 52.11 71.44 123.55 OK
r-release-macos-arm64 0.1.0.1 NOTE
r-release-macos-x86_64 0.1.0.1 NOTE
r-release-windows-ix86+x86_64 0.1.0.1 142.00 130.00 272.00 OK
r-oldrel-macos-x86_64 0.1.0.1 NOTE
r-oldrel-windows-ix86+x86_64 0.1.0.1 110.00 105.00 215.00 OK

Check Details

Version: 0.1.0.1
Check: installed package size
Result: NOTE
     installed size is 5.4Mb
     sub-directories of 1Mb or more:
     libs 5.0Mb
Flavors: r-devel-linux-x86_64-fedora-clang, r-release-macos-arm64, r-release-macos-x86_64, r-oldrel-macos-x86_64

Version: 0.1.0.1
Check: dependencies in R code
Result: NOTE
    Namespace in Imports field not imported from: ‘Rdpack’
     All declared Imports should be used.
Flavors: r-devel-linux-x86_64-fedora-clang, r-devel-linux-x86_64-fedora-gcc, r-devel-windows-x86_64-gcc10-UCRT, r-patched-solaris-x86, r-release-macos-arm64, r-release-macos-x86_64, r-oldrel-macos-x86_64