CRAN Package Check Results for Package ProfoundData

Last updated on 2022-11-28 04:54:49 CET.

Flavor Version Tinstall Tcheck Ttotal Status Flags
r-devel-linux-x86_64-debian-clang 0.2.1 9.77 70.38 80.15 NOTE
r-devel-linux-x86_64-debian-gcc 0.2.1 6.88 53.53 60.41 NOTE
r-devel-linux-x86_64-fedora-clang 0.2.1 117.35 NOTE
r-devel-linux-x86_64-fedora-gcc 0.2.1 117.40 NOTE
r-devel-windows-x86_64 0.2.1 33.00 96.00 129.00 NOTE
r-patched-linux-x86_64 0.2.1 11.38 67.31 78.69 NOTE
r-release-linux-x86_64 0.2.1 8.72 66.09 74.81 NOTE
r-release-macos-arm64 0.2.1 30.00 NOTE
r-release-macos-x86_64 0.2.1 42.00 NOTE
r-release-windows-x86_64 0.2.1 55.00 101.00 156.00 NOTE
r-oldrel-macos-arm64 0.2.1 38.00 NOTE
r-oldrel-macos-x86_64 0.2.1 55.00 NOTE
r-oldrel-windows-ix86+x86_64 0.2.1 19.00 96.00 115.00 NOTE

Check Details

Version: 0.2.1
Check: package dependencies
Result: NOTE
    Package suggested but not available for checking: 'BayesianTools'
Flavors: r-devel-linux-x86_64-debian-clang, r-devel-linux-x86_64-debian-gcc, r-devel-linux-x86_64-fedora-clang, r-devel-linux-x86_64-fedora-gcc, r-patched-linux-x86_64, r-release-linux-x86_64

Version: 0.2.1
Check: LazyData
Result: NOTE
     'LazyData' is specified without a 'data' directory
Flavors: r-devel-linux-x86_64-debian-clang, r-devel-linux-x86_64-debian-gcc, r-devel-linux-x86_64-fedora-clang, r-devel-linux-x86_64-fedora-gcc, r-devel-windows-x86_64, r-patched-linux-x86_64, r-release-linux-x86_64, r-release-macos-arm64, r-release-macos-x86_64, r-release-windows-x86_64, r-oldrel-macos-arm64, r-oldrel-macos-x86_64, r-oldrel-windows-ix86+x86_64