CRAN Package Check Results for Package ProfoundData

Last updated on 2023-12-11 05:52:03 CET.

Flavor Version Tinstall Tcheck Ttotal Status Flags
r-devel-linux-x86_64-debian-clang 0.2.1 9.09 69.05 78.14 NOTE
r-devel-linux-x86_64-debian-gcc 0.2.1 7.08 52.12 59.20 NOTE
r-devel-linux-x86_64-fedora-clang 0.2.1 97.37 NOTE
r-devel-linux-x86_64-fedora-gcc 0.2.1 114.60 NOTE
r-devel-windows-x86_64 0.2.1 9.00 71.00 80.00 NOTE
r-patched-linux-x86_64 0.2.1 12.08 66.92 79.00 NOTE
r-release-linux-x86_64 0.2.1 9.10 65.80 74.90 NOTE
r-release-macos-arm64 0.2.1 38.00 NOTE
r-release-macos-x86_64 0.2.1 58.00 NOTE
r-release-windows-x86_64 0.2.1 12.00 82.00 94.00 NOTE
r-oldrel-macos-arm64 0.2.1 30.00 NOTE
r-oldrel-macos-x86_64 0.2.1 42.00 NOTE
r-oldrel-windows-x86_64 0.2.1 12.00 82.00 94.00 NOTE

Check Details

Version: 0.2.1
Check: LazyData
Result: NOTE 'LazyData' is specified without a 'data' directory Flavors: r-devel-linux-x86_64-debian-clang, r-devel-linux-x86_64-debian-gcc, r-devel-linux-x86_64-fedora-clang, r-devel-linux-x86_64-fedora-gcc, r-devel-windows-x86_64, r-patched-linux-x86_64, r-release-linux-x86_64, r-release-macos-arm64, r-release-macos-x86_64, r-release-windows-x86_64, r-oldrel-macos-arm64, r-oldrel-macos-x86_64, r-oldrel-windows-x86_64