CRAN Package Check Results for Package PropensitySub

Last updated on 2022-01-17 05:51:18 CET.

Flavor Version Tinstall Tcheck Ttotal Status Flags
r-devel-linux-x86_64-debian-clang 0.2.0 12.78 161.08 173.86 OK
r-devel-linux-x86_64-debian-gcc 0.2.0 12.22 132.64 144.86 OK
r-devel-linux-x86_64-fedora-clang 0.2.0 220.50 OK
r-devel-linux-x86_64-fedora-gcc 0.2.0 193.23 OK
r-devel-windows-x86_64-new-UL 0.2.0 47.00 169.00 216.00 OK
r-devel-windows-x86_64-new-TK 0.2.0 ERROR
r-patched-linux-x86_64 0.2.0 14.90 147.47 162.37 OK
r-release-linux-x86_64 0.2.0 OK
r-release-macos-arm64 0.2.0 OK
r-release-macos-x86_64 0.2.0 OK
r-release-windows-ix86+x86_64 0.2.0 24.00 176.00 200.00 OK
r-oldrel-macos-x86_64 0.2.0 OK
r-oldrel-windows-ix86+x86_64 0.2.0 32.00 174.00 206.00 OK

Check Details

Version: 0.2.0
Check: package dependencies
Result: ERROR
    Package required but not available: 'survminer'
    
    See section 'The DESCRIPTION file' in the 'Writing R Extensions'
    manual.
Flavor: r-devel-windows-x86_64-new-TK